{"version":"1.0","provider_name":"Centro Juvenil Mar\u00eda Auxiliadora","provider_url":"https:\/\/salesianosmaux.es\/centrojuvenil","author_name":"centrojuvenil","author_url":"https:\/\/salesianosmaux.es\/centrojuvenil\/author\/centrojuvenil\/","title":"Noche del terror - Centro Juvenil Mar\u00eda Auxiliadora","type":"rich","width":600,"height":338,"html":"<blockquote class=\"wp-embedded-content\" data-secret=\"UF3W3nIFbx\"><a href=\"https:\/\/salesianosmaux.es\/centrojuvenil\/2023\/10\/28\/noche-del-terror-2\/\">Noche del terror<\/a><\/blockquote><iframe sandbox=\"allow-scripts\" security=\"restricted\" src=\"https:\/\/salesianosmaux.es\/centrojuvenil\/2023\/10\/28\/noche-del-terror-2\/embed\/#?secret=UF3W3nIFbx\" width=\"600\" height=\"338\" title=\"\u00abNoche del terror\u00bb \u2014 Centro Juvenil Mar\u00eda Auxiliadora\" data-secret=\"UF3W3nIFbx\" frameborder=\"0\" marginwidth=\"0\" marginheight=\"0\" scrolling=\"no\" class=\"wp-embedded-content\"><\/iframe><script type=\"text\/javascript\">\n\/* <![CDATA[ *\/\n\/*! This file is auto-generated *\/\n!function(d,l){\"use strict\";l.querySelector&&d.addEventListener&&\"undefined\"!=typeof URL&&(d.wp=d.wp||{},d.wp.receiveEmbedMessage||(d.wp.receiveEmbedMessage=function(e){var t=e.data;if((t||t.secret||t.message||t.value)&&!\/[^a-zA-Z0-9]\/.test(t.secret)){for(var s,r,n,a=l.querySelectorAll('iframe[data-secret=\"'+t.secret+'\"]'),o=l.querySelectorAll('blockquote[data-secret=\"'+t.secret+'\"]'),c=new RegExp(\"^https?:$\",\"i\"),i=0;i<o.length;i++)o[i].style.display=\"none\";for(i=0;i<a.length;i++)s=a[i],e.source===s.contentWindow&&(s.removeAttribute(\"style\"),\"height\"===t.message?(1e3<(r=parseInt(t.value,10))?r=1e3:~~r<200&&(r=200),s.height=r):\"link\"===t.message&&(r=new URL(s.getAttribute(\"src\")),n=new URL(t.value),c.test(n.protocol))&&n.host===r.host&&l.activeElement===s&&(d.top.location.href=t.value))}},d.addEventListener(\"message\",d.wp.receiveEmbedMessage,!1),l.addEventListener(\"DOMContentLoaded\",function(){for(var e,t,s=l.querySelectorAll(\"iframe.wp-embedded-content\"),r=0;r<s.length;r++)(t=(e=s[r]).getAttribute(\"data-secret\"))||(t=Math.random().toString(36).substring(2,12),e.src+=\"#?secret=\"+t,e.setAttribute(\"data-secret\",t)),e.contentWindow.postMessage({message:\"ready\",secret:t},\"*\")},!1)))}(window,document);\n\/\/# sourceURL=https:\/\/salesianosmaux.es\/centrojuvenil\/wp-includes\/js\/wp-embed.min.js\n\/* ]]> *\/\n<\/script>\n","thumbnail_url":"https:\/\/salesianosmaux.es\/centrojuvenil\/wp-content\/uploads\/sites\/6\/2023\/10\/IMG_6062.jpeg","thumbnail_width":1920,"thumbnail_height":1024,"description":"\u00a1Hola familias! Para poder disfrutar de una noche terror\u00edfica, el Grupo Amigos y la Secci\u00f3n Juvenil os presentamos esta GRAN actividad conjunta: MULTIVERSO DEL TERROR. La fecha de esta actividad de miedo es el 5 DE NOVIEMBRE. Ahora vais a poder conocer toda la informaci\u00f3n necesaria para poder acudir: Los horarios son: \u2013 Grupo Amigos: 21:00 a 01:00 \u2013 Secci\u00f3n Juvenil: 21:00 a 08:00 Dato importante: La SJ deber\u00e1 traer saco y esterilla, pues dormiremos todos juntos all\u00ed. Adem\u00e1s, tanto el GA como la SJ deb\u00e9is traer cena y muchas ganas de disfrutar todos juntos. Para poder inscribirse, deb\u00e9is tener en cuenta lo siguiente, pues para las dos secciones se inscribe de distinta forma: \u2013 Grupo Amigos: Entregar la inscripci\u00f3n s\u00e1bado durante el GA, lunes durante el recreo y de 20h a 21h y jueves de 20h a 21h \u2013 Secci\u00f3n Juvenil: Rellenar el formulario que encontrar\u00e9is al final de esta noticia con fecha tope hasta el d\u00eda 3 a las 23:59. (No se aceptar\u00e1 ninguna inscripci\u00f3n despu\u00e9s de las 20 h del d\u00eda 3 ni relleno de formulario despu\u00e9s del d\u00eda 3 a las 23:59). Los costes que deb\u00e9is saber son: \u2013 Grupo Amigos: 2\u20ac para socios y 4\u20ac para no socios (Entrega de dinero en la entrega de la inscripci\u00f3n) \u2013 Secci\u00f3n Juvenil: 3\u20ac para socios y 5\u20ac para no socios (Entrega en mano en la entrada de la actividad el 5 de noviembre) Por nuestra parte, todo queda dicho. Esta NOCHE DEL TERROR promete y vamos a disfrutar todos juntos un mont\u00f3n."}

Centro Juvenil María Auxiliadora

Noche del terror - Centro Juvenil María Auxiliadora

<blockquote class="wp-embedded-content" data-secret="UF3W3nIFbx"><a href="https://salesianosmaux.es/centrojuvenil/2023/10/28/noche-del-terror-2/">Noche del terror</a></blockquote><iframe sandbox="allow-scripts" security="restricted" src="https://salesianosmaux.es/centrojuvenil/2023/10/28/noche-del-terror-2/embed/#?secret=UF3W3nIFbx" width="600" height="338" title="«Noche del terror» — Centro Juvenil María Auxiliadora" data-secret="UF3W3nIFbx" frameborder="0" marginwidth="0" marginheight="0" scrolling="no" class="wp-embedded-content"></iframe><script type="text/javascript">
/* <![CDATA[ */
/*! This file is auto-generated */
!function(d,l){"use strict";l.querySelector&&d.addEventListener&&"undefined"!=typeof URL&&(d.wp=d.wp||{},d.wp.receiveEmbedMessage||(d.wp.receiveEmbedMessage=function(e){var t=e.data;if((t||t.secret||t.message||t.value)&&!/[^a-zA-Z0-9]/.test(t.secret)){for(var s,r,n,a=l.querySelectorAll('iframe[data-secret="'+t.secret+'"]'),o=l.querySelectorAll('blockquote[data-secret="'+t.secret+'"]'),c=new RegExp("^https?:$","i"),i=0;i<o.length;i++)o[i].style.display="none";for(i=0;i<a.length;i++)s=a[i],e.source===s.contentWindow&&(s.removeAttribute("style"),"height"===t.message?(1e3<(r=parseInt(t.value,10))?r=1e3:~~r<200&&(r=200),s.height=r):"link"===t.message&&(r=new URL(s.getAttribute("src")),n=new URL(t.value),c.test(n.protocol))&&n.host===r.host&&l.activeElement===s&&(d.top.location.href=t.value))}},d.addEventListener("message",d.wp.receiveEmbedMessage,!1),l.addEventListener("DOMContentLoaded",function(){for(var e,t,s=l.querySelectorAll("iframe.wp-embedded-content"),r=0;r<s.length;r++)(t=(e=s[r]).getAttribute("data-secret"))||(t=Math.random().toString(36).substring(2,12),e.src+="#?secret="+t,e.setAttribute("data-secret",t)),e.contentWindow.postMessage({message:"ready",secret:t},"*")},!1)))}(window,document);
//# sourceURL=https://salesianosmaux.es/centrojuvenil/wp-includes/js/wp-embed.min.js
/* ]]> */
</script>

¡Hola familias! Para poder disfrutar de una noche terrorífica, el Grupo Amigos y la Sección Juvenil os presentamos esta GRAN actividad conjunta: MULTIVERSO DEL TERROR. La fecha de esta actividad de miedo es el 5 DE NOVIEMBRE. Ahora vais a poder conocer toda la información necesaria para poder acudir: Los horarios son: – Grupo Amigos: 21:00 a 01:00 – Sección Juvenil: 21:00 a 08:00 Dato importante: La SJ deberá traer saco y esterilla, pues dormiremos todos juntos allí. Además, tanto el GA como la SJ debéis traer cena y muchas ganas de disfrutar todos juntos. Para poder inscribirse, debéis tener en cuenta lo siguiente, pues para las dos secciones se inscribe de distinta forma: – Grupo Amigos: Entregar la inscripción sábado durante el GA, lunes durante el recreo y de 20h a 21h y jueves de 20h a 21h – Sección Juvenil: Rellenar el formulario que encontraréis al final de esta noticia con fecha tope hasta el día 3 a las 23:59. (No se aceptará ninguna inscripción después de las 20 h del día 3 ni relleno de formulario después del día 3 a las 23:59). Los costes que debéis saber son: – Grupo Amigos: 2€ para socios y 4€ para no socios (Entrega de dinero en la entrega de la inscripción) – Sección Juvenil: 3€ para socios y 5€ para no socios (Entrega en mano en la entrada de la actividad el 5 de noviembre) Por nuestra parte, todo queda dicho. Esta NOCHE DEL TERROR promete y vamos a disfrutar todos juntos un montón.
