{"version":"1.0","provider_name":"Centro Juvenil Mar\u00eda Auxiliadora","provider_url":"https:\/\/salesianosmaux.es\/centrojuvenil","author_name":"centrojuvenil","author_url":"https:\/\/salesianosmaux.es\/centrojuvenil\/author\/centrojuvenil\/","title":"PREAS - Centro Juvenil Mar\u00eda Auxiliadora","type":"rich","width":600,"height":338,"html":"<blockquote class=\"wp-embedded-content\" data-secret=\"qxF8EkS5kn\"><a href=\"https:\/\/salesianosmaux.es\/centrojuvenil\/2024\/02\/02\/preas\/\">PREAS<\/a><\/blockquote><iframe sandbox=\"allow-scripts\" security=\"restricted\" src=\"https:\/\/salesianosmaux.es\/centrojuvenil\/2024\/02\/02\/preas\/embed\/#?secret=qxF8EkS5kn\" width=\"600\" height=\"338\" title=\"\u00abPREAS\u00bb \u2014 Centro Juvenil Mar\u00eda Auxiliadora\" data-secret=\"qxF8EkS5kn\" frameborder=\"0\" marginwidth=\"0\" marginheight=\"0\" scrolling=\"no\" class=\"wp-embedded-content\"><\/iframe><script>\n\/*! This file is auto-generated *\/\n!function(d,l){\"use strict\";l.querySelector&&d.addEventListener&&\"undefined\"!=typeof URL&&(d.wp=d.wp||{},d.wp.receiveEmbedMessage||(d.wp.receiveEmbedMessage=function(e){var t=e.data;if((t||t.secret||t.message||t.value)&&!\/[^a-zA-Z0-9]\/.test(t.secret)){for(var s,r,n,a=l.querySelectorAll('iframe[data-secret=\"'+t.secret+'\"]'),o=l.querySelectorAll('blockquote[data-secret=\"'+t.secret+'\"]'),c=new RegExp(\"^https?:$\",\"i\"),i=0;i<o.length;i++)o[i].style.display=\"none\";for(i=0;i<a.length;i++)s=a[i],e.source===s.contentWindow&&(s.removeAttribute(\"style\"),\"height\"===t.message?(1e3<(r=parseInt(t.value,10))?r=1e3:~~r<200&&(r=200),s.height=r):\"link\"===t.message&&(r=new URL(s.getAttribute(\"src\")),n=new URL(t.value),c.test(n.protocol))&&n.host===r.host&&l.activeElement===s&&(d.top.location.href=t.value))}},d.addEventListener(\"message\",d.wp.receiveEmbedMessage,!1),l.addEventListener(\"DOMContentLoaded\",function(){for(var e,t,s=l.querySelectorAll(\"iframe.wp-embedded-content\"),r=0;r<s.length;r++)(t=(e=s[r]).getAttribute(\"data-secret\"))||(t=Math.random().toString(36).substring(2,12),e.src+=\"#?secret=\"+t,e.setAttribute(\"data-secret\",t)),e.contentWindow.postMessage({message:\"ready\",secret:t},\"*\")},!1)))}(window,document);\n\/\/# sourceURL=https:\/\/salesianosmaux.es\/centrojuvenil\/wp-includes\/js\/wp-embed.min.js\n<\/script>\n","thumbnail_url":"https:\/\/salesianosmaux.es\/centrojuvenil\/wp-content\/uploads\/sites\/6\/2024\/02\/IMG_6266.jpeg","thumbnail_width":1091,"thumbnail_height":790,"description":"Hola familias! Se aproxima una de las actividades estrella del a\u00f1o y es PREAS.\ud83d\udc4f\ud83c\udffd Para quien no lo conozca, es un encuentro de chicos\/as de 11-13 a\u00f1os, de 1\u00ba y 2\u00ba de la ESO, de muchos Centros Juveniles (como el nuestro!) en el Colegio de Ar\u00e9valo, en \u00c1vila. Tendr\u00e1 lugar el fin de semana del 2 y 3 de marzo. La salida ser\u00e1 el s\u00e1bado por la ma\u00f1ana (en los d\u00edas previos al encuentro se confirmar\u00e1 la hora), y la llegada ser\u00e1 el domingo a las 16:30.  Se pasar\u00e1 una noche fuera, durmiendo todos juntos, por lo que hay que llevar: - Saco de dormir Y adem\u00e1s: - Comida para los dos d\u00edas (el desayuno y el pan del domingo se ofrecen all\u00ed) - Utensilios de higiene personal - Ropa deportiva (puesta) - Ropa de abrigo (para la noche) - Bol\u00edgrafo y cuaderno personal - Los m\u00f3viles, c\u00e1maras, etc. no son necesarios para este encuentro. S\u00f3lo estar\u00e1 permitido su uso en los momentos de \u201ctiempo libre\u201d, no haci\u00e9ndonos responsables de su p\u00e9rdida o deterioro. El coste del encuentro son 35 \u20ac por participante. Y para apuntarse hace falta rellenar la inscripci\u00f3n adjunta, que se podr\u00e1 entregar: * El s\u00e1bado 3 en horario de GA, * Martes 6 y jueves 15 de 20-21h * Viernes 16 de 19-20h El \u00daLTIMO D\u00cdA ser\u00e1 el VIERNES 16 de febrero. No se aceptar\u00e1n inscripciones fuera de plazo bajo ning\u00fan concepto.  Os invitamos de coraz\u00f3n a participar en este encuentro, del que siempre se traen bonitos recuerdos y bonitas nuevas amistades"}

Centro Juvenil María Auxiliadora

PREAS - Centro Juvenil María Auxiliadora

<blockquote class="wp-embedded-content" data-secret="qxF8EkS5kn"><a href="https://salesianosmaux.es/centrojuvenil/2024/02/02/preas/">PREAS</a></blockquote><iframe sandbox="allow-scripts" security="restricted" src="https://salesianosmaux.es/centrojuvenil/2024/02/02/preas/embed/#?secret=qxF8EkS5kn" width="600" height="338" title="«PREAS» — Centro Juvenil María Auxiliadora" data-secret="qxF8EkS5kn" frameborder="0" marginwidth="0" marginheight="0" scrolling="no" class="wp-embedded-content"></iframe><script>
/*! This file is auto-generated */
!function(d,l){"use strict";l.querySelector&&d.addEventListener&&"undefined"!=typeof URL&&(d.wp=d.wp||{},d.wp.receiveEmbedMessage||(d.wp.receiveEmbedMessage=function(e){var t=e.data;if((t||t.secret||t.message||t.value)&&!/[^a-zA-Z0-9]/.test(t.secret)){for(var s,r,n,a=l.querySelectorAll('iframe[data-secret="'+t.secret+'"]'),o=l.querySelectorAll('blockquote[data-secret="'+t.secret+'"]'),c=new RegExp("^https?:$","i"),i=0;i<o.length;i++)o[i].style.display="none";for(i=0;i<a.length;i++)s=a[i],e.source===s.contentWindow&&(s.removeAttribute("style"),"height"===t.message?(1e3<(r=parseInt(t.value,10))?r=1e3:~~r<200&&(r=200),s.height=r):"link"===t.message&&(r=new URL(s.getAttribute("src")),n=new URL(t.value),c.test(n.protocol))&&n.host===r.host&&l.activeElement===s&&(d.top.location.href=t.value))}},d.addEventListener("message",d.wp.receiveEmbedMessage,!1),l.addEventListener("DOMContentLoaded",function(){for(var e,t,s=l.querySelectorAll("iframe.wp-embedded-content"),r=0;r<s.length;r++)(t=(e=s[r]).getAttribute("data-secret"))||(t=Math.random().toString(36).substring(2,12),e.src+="#?secret="+t,e.setAttribute("data-secret",t)),e.contentWindow.postMessage({message:"ready",secret:t},"*")},!1)))}(window,document);
//# sourceURL=https://salesianosmaux.es/centrojuvenil/wp-includes/js/wp-embed.min.js
</script>

Hola familias! Se aproxima una de las actividades estrella del año y es PREAS.👏🏽 Para quien no lo conozca, es un encuentro de chicos/as de 11-13 años, de 1º y 2º de la ESO, de muchos Centros Juveniles (como el nuestro!) en el Colegio de Arévalo, en Ávila. Tendrá lugar el fin de semana del 2 y 3 de marzo. La salida será el sábado por la mañana (en los días previos al encuentro se confirmará la hora), y la llegada será el domingo a las 16:30.  Se pasará una noche fuera, durmiendo todos juntos, por lo que hay que llevar: - Saco de dormir Y además: - Comida para los dos días (el desayuno y el pan del domingo se ofrecen allí) - Utensilios de higiene personal - Ropa deportiva (puesta) - Ropa de abrigo (para la noche) - Bolígrafo y cuaderno personal - Los móviles, cámaras, etc. no son necesarios para este encuentro. Sólo estará permitido su uso en los momentos de “tiempo libre”, no haciéndonos responsables de su pérdida o deterioro. El coste del encuentro son 35 € por participante. Y para apuntarse hace falta rellenar la inscripción adjunta, que se podrá entregar: * El sábado 3 en horario de GA, * Martes 6 y jueves 15 de 20-21h * Viernes 16 de 19-20h El ÚLTIMO DÍA será el VIERNES 16 de febrero. No se aceptarán inscripciones fuera de plazo bajo ningún concepto.  Os invitamos de corazón a participar en este encuentro, del que siempre se traen bonitos recuerdos y bonitas nuevas amistades
