{"version":"1.0","provider_name":"Centro Juvenil Mar\u00eda Auxiliadora","provider_url":"https:\/\/salesianosmaux.es\/centrojuvenil","author_name":"centrojuvenil","author_url":"https:\/\/salesianosmaux.es\/centrojuvenil\/author\/centrojuvenil\/","title":"Fiesta de Graduaci\u00f3n\/Grupo Amigos - Centro Juvenil Mar\u00eda Auxiliadora","type":"rich","width":600,"height":338,"html":"<blockquote class=\"wp-embedded-content\" data-secret=\"5aeNRIWI05\"><a href=\"https:\/\/salesianosmaux.es\/centrojuvenil\/2025\/05\/06\/fiesta-de-graduacion-grupo-amigos\/\">Fiesta de Graduaci\u00f3n\/Grupo Amigos<\/a><\/blockquote><iframe sandbox=\"allow-scripts\" security=\"restricted\" src=\"https:\/\/salesianosmaux.es\/centrojuvenil\/2025\/05\/06\/fiesta-de-graduacion-grupo-amigos\/embed\/#?secret=5aeNRIWI05\" width=\"600\" height=\"338\" title=\"\u00abFiesta de Graduaci\u00f3n\/Grupo Amigos\u00bb \u2014 Centro Juvenil Mar\u00eda Auxiliadora\" data-secret=\"5aeNRIWI05\" frameborder=\"0\" marginwidth=\"0\" marginheight=\"0\" scrolling=\"no\" class=\"wp-embedded-content\"><\/iframe><script>\n\/*! This file is auto-generated *\/\n!function(d,l){\"use strict\";l.querySelector&&d.addEventListener&&\"undefined\"!=typeof URL&&(d.wp=d.wp||{},d.wp.receiveEmbedMessage||(d.wp.receiveEmbedMessage=function(e){var t=e.data;if((t||t.secret||t.message||t.value)&&!\/[^a-zA-Z0-9]\/.test(t.secret)){for(var s,r,n,a=l.querySelectorAll('iframe[data-secret=\"'+t.secret+'\"]'),o=l.querySelectorAll('blockquote[data-secret=\"'+t.secret+'\"]'),c=new RegExp(\"^https?:$\",\"i\"),i=0;i<o.length;i++)o[i].style.display=\"none\";for(i=0;i<a.length;i++)s=a[i],e.source===s.contentWindow&&(s.removeAttribute(\"style\"),\"height\"===t.message?(1e3<(r=parseInt(t.value,10))?r=1e3:~~r<200&&(r=200),s.height=r):\"link\"===t.message&&(r=new URL(s.getAttribute(\"src\")),n=new URL(t.value),c.test(n.protocol))&&n.host===r.host&&l.activeElement===s&&(d.top.location.href=t.value))}},d.addEventListener(\"message\",d.wp.receiveEmbedMessage,!1),l.addEventListener(\"DOMContentLoaded\",function(){for(var e,t,s=l.querySelectorAll(\"iframe.wp-embedded-content\"),r=0;r<s.length;r++)(t=(e=s[r]).getAttribute(\"data-secret\"))||(t=Math.random().toString(36).substring(2,12),e.src+=\"#?secret=\"+t,e.setAttribute(\"data-secret\",t)),e.contentWindow.postMessage({message:\"ready\",secret:t},\"*\")},!1)))}(window,document);\n\/\/# sourceURL=https:\/\/salesianosmaux.es\/centrojuvenil\/wp-includes\/js\/wp-embed.min.js\n<\/script>\n","thumbnail_url":"https:\/\/salesianosmaux.es\/centrojuvenil\/wp-content\/uploads\/sites\/6\/2025\/05\/PHOTO-2025-05-04-18-12-32.jpg","thumbnail_width":980,"thumbnail_height":562,"description":"Fiesta de Graduaci\u00f3n del Grupo Amigos Estimadas familias del Grupo Amigos, Este curso escolar llega a su fin y, con ello, nuestros compa\u00f1eros de 2\u00ba ESO se despiden para dar paso a la Secci\u00f3n Juvenil. \u00a1Y qu\u00e9 mejor forma de celebrarlo que con una FIESTA DE GRADUACI\u00d3N!\ud83c\udf93 \ud83d\udcc6 Tendr\u00e1 lugar el S\u00c1BADO 10 de mayo \ud83d\udd52 Horario de 21:30h a 00:30h \ud83d\udc54 Tem\u00e1tica de vestimenta: IBICENCA. \u00a1As\u00ed que prep\u00e1rense para lucir impolutos! Tendremos juegos, m\u00fasica, baile y la imposici\u00f3n de las orlas de graduaci\u00f3n. Importante: - Los chicxs deben venir cenados, ya que la actividad comenzar\u00e1 directamente a las 21:30h. - La inscripci\u00f3n ya est\u00e1 abierta en Bosconecta y permanecer\u00e1 abierta hasta el jueves 8 de mayo a las 23:59h. - La actividad es gratuita, pero es necesario inscribirse para asegurar la asistencia. \u00a1Que no se pierdan esta oportunidad de celebrar juntos el fin de curso y la graduaci\u00f3n de sus compa\u00f1eros! Esperamos verlos a todos all\u00ed. \u00a1Y felicidades a nuestros graduados!\u2728"}

Centro Juvenil María Auxiliadora

Fiesta de Graduación/Grupo Amigos - Centro Juvenil María Auxiliadora

<blockquote class="wp-embedded-content" data-secret="5aeNRIWI05"><a href="https://salesianosmaux.es/centrojuvenil/2025/05/06/fiesta-de-graduacion-grupo-amigos/">Fiesta de Graduación/Grupo Amigos</a></blockquote><iframe sandbox="allow-scripts" security="restricted" src="https://salesianosmaux.es/centrojuvenil/2025/05/06/fiesta-de-graduacion-grupo-amigos/embed/#?secret=5aeNRIWI05" width="600" height="338" title="«Fiesta de Graduación/Grupo Amigos» — Centro Juvenil María Auxiliadora" data-secret="5aeNRIWI05" frameborder="0" marginwidth="0" marginheight="0" scrolling="no" class="wp-embedded-content"></iframe><script>
/*! This file is auto-generated */
!function(d,l){"use strict";l.querySelector&&d.addEventListener&&"undefined"!=typeof URL&&(d.wp=d.wp||{},d.wp.receiveEmbedMessage||(d.wp.receiveEmbedMessage=function(e){var t=e.data;if((t||t.secret||t.message||t.value)&&!/[^a-zA-Z0-9]/.test(t.secret)){for(var s,r,n,a=l.querySelectorAll('iframe[data-secret="'+t.secret+'"]'),o=l.querySelectorAll('blockquote[data-secret="'+t.secret+'"]'),c=new RegExp("^https?:$","i"),i=0;i<o.length;i++)o[i].style.display="none";for(i=0;i<a.length;i++)s=a[i],e.source===s.contentWindow&&(s.removeAttribute("style"),"height"===t.message?(1e3<(r=parseInt(t.value,10))?r=1e3:~~r<200&&(r=200),s.height=r):"link"===t.message&&(r=new URL(s.getAttribute("src")),n=new URL(t.value),c.test(n.protocol))&&n.host===r.host&&l.activeElement===s&&(d.top.location.href=t.value))}},d.addEventListener("message",d.wp.receiveEmbedMessage,!1),l.addEventListener("DOMContentLoaded",function(){for(var e,t,s=l.querySelectorAll("iframe.wp-embedded-content"),r=0;r<s.length;r++)(t=(e=s[r]).getAttribute("data-secret"))||(t=Math.random().toString(36).substring(2,12),e.src+="#?secret="+t,e.setAttribute("data-secret",t)),e.contentWindow.postMessage({message:"ready",secret:t},"*")},!1)))}(window,document);
//# sourceURL=https://salesianosmaux.es/centrojuvenil/wp-includes/js/wp-embed.min.js
</script>

Fiesta de Graduación del Grupo Amigos Estimadas familias del Grupo Amigos, Este curso escolar llega a su fin y, con ello, nuestros compañeros de 2º ESO se despiden para dar paso a la Sección Juvenil. ¡Y qué mejor forma de celebrarlo que con una FIESTA DE GRADUACIÓN!🎓 📆 Tendrá lugar el SÁBADO 10 de mayo 🕒 Horario de 21:30h a 00:30h 👔 Temática de vestimenta: IBICENCA. ¡Así que prepárense para lucir impolutos! Tendremos juegos, música, baile y la imposición de las orlas de graduación. Importante: - Los chicxs deben venir cenados, ya que la actividad comenzará directamente a las 21:30h. - La inscripción ya está abierta en Bosconecta y permanecerá abierta hasta el jueves 8 de mayo a las 23:59h. - La actividad es gratuita, pero es necesario inscribirse para asegurar la asistencia. ¡Que no se pierdan esta oportunidad de celebrar juntos el fin de curso y la graduación de sus compañeros! Esperamos verlos a todos allí. ¡Y felicidades a nuestros graduados!✨
