{"version":"1.0","provider_name":"Centro Juvenil Mar\u00eda Auxiliadora","provider_url":"https:\/\/salesianosmaux.es\/centrojuvenil","author_name":"centrojuvenil","author_url":"https:\/\/salesianosmaux.es\/centrojuvenil\/author\/centrojuvenil\/","title":"Reuni\u00f3n Campa SJ 2026 - Centro Juvenil Mar\u00eda Auxiliadora","type":"rich","width":600,"height":338,"html":"<blockquote class=\"wp-embedded-content\" data-secret=\"xaHPASsm3b\"><a href=\"https:\/\/salesianosmaux.es\/centrojuvenil\/2026\/03\/24\/reunion-campa-sj-2026\/\">Reuni\u00f3n Campa SJ 2026<\/a><\/blockquote><iframe sandbox=\"allow-scripts\" security=\"restricted\" src=\"https:\/\/salesianosmaux.es\/centrojuvenil\/2026\/03\/24\/reunion-campa-sj-2026\/embed\/#?secret=xaHPASsm3b\" width=\"600\" height=\"338\" title=\"\u00abReuni\u00f3n Campa SJ 2026\u00bb \u2014 Centro Juvenil Mar\u00eda Auxiliadora\" data-secret=\"xaHPASsm3b\" frameborder=\"0\" marginwidth=\"0\" marginheight=\"0\" scrolling=\"no\" class=\"wp-embedded-content\"><\/iframe><script>\n\/*! This file is auto-generated *\/\n!function(d,l){\"use strict\";l.querySelector&&d.addEventListener&&\"undefined\"!=typeof URL&&(d.wp=d.wp||{},d.wp.receiveEmbedMessage||(d.wp.receiveEmbedMessage=function(e){var t=e.data;if((t||t.secret||t.message||t.value)&&!\/[^a-zA-Z0-9]\/.test(t.secret)){for(var s,r,n,a=l.querySelectorAll('iframe[data-secret=\"'+t.secret+'\"]'),o=l.querySelectorAll('blockquote[data-secret=\"'+t.secret+'\"]'),c=new RegExp(\"^https?:$\",\"i\"),i=0;i<o.length;i++)o[i].style.display=\"none\";for(i=0;i<a.length;i++)s=a[i],e.source===s.contentWindow&&(s.removeAttribute(\"style\"),\"height\"===t.message?(1e3<(r=parseInt(t.value,10))?r=1e3:~~r<200&&(r=200),s.height=r):\"link\"===t.message&&(r=new URL(s.getAttribute(\"src\")),n=new URL(t.value),c.test(n.protocol))&&n.host===r.host&&l.activeElement===s&&(d.top.location.href=t.value))}},d.addEventListener(\"message\",d.wp.receiveEmbedMessage,!1),l.addEventListener(\"DOMContentLoaded\",function(){for(var e,t,s=l.querySelectorAll(\"iframe.wp-embedded-content\"),r=0;r<s.length;r++)(t=(e=s[r]).getAttribute(\"data-secret\"))||(t=Math.random().toString(36).substring(2,12),e.src+=\"#?secret=\"+t,e.setAttribute(\"data-secret\",t)),e.contentWindow.postMessage({message:\"ready\",secret:t},\"*\")},!1)))}(window,document);\n\/\/# sourceURL=https:\/\/salesianosmaux.es\/centrojuvenil\/wp-includes\/js\/wp-embed.min.js\n<\/script>\n","thumbnail_url":"https:\/\/salesianosmaux.es\/centrojuvenil\/wp-content\/uploads\/sites\/6\/2026\/03\/Captura-de-pantalla-2026-03-24-214640.png","thumbnail_width":981,"thumbnail_height":547,"description":"[et_pb_section fb_built=\u00bb1&#8243; theme_builder_area=\u00bbpost_content\u00bb _builder_version=\u00bb4.27.5&#8243; _module_preset=\u00bbdefault\u00bb][et_pb_row _builder_version=\u00bb4.27.5&#8243; _module_preset=\u00bbdefault\u00bb theme_builder_area=\u00bbpost_content\u00bb][et_pb_column _builder_version=\u00bb4.27.5&#8243; _module_preset=\u00bbdefault\u00bb type=\u00bb4_4&#8243; theme_builder_area=\u00bbpost_content\u00bb][et_pb_text _builder_version=\u00bb4.27.5&#8243; _module_preset=\u00bbdefault\u00bb theme_builder_area=\u00bbpost_content\u00bb hover_enabled=\u00bb0&#8243; sticky_enabled=\u00bb0&#8243;] REUNI\u00d3N DEL CAMPA DE LA SJ Como os avisamos por nuestras RRSS, ayer d\u00eda 23 de marzo tuvimos nuestra primera reuni\u00f3n del campamento de la Secci\u00f3n Juvenil.\u00a0 Ya pod\u00e9is ver la presentaci\u00f3n con toda la informaci\u00f3n que dimos [&hellip;]"}

Centro Juvenil María Auxiliadora

Reunión Campa SJ 2026 - Centro Juvenil María Auxiliadora

<blockquote class="wp-embedded-content" data-secret="xaHPASsm3b"><a href="https://salesianosmaux.es/centrojuvenil/2026/03/24/reunion-campa-sj-2026/">Reunión Campa SJ 2026</a></blockquote><iframe sandbox="allow-scripts" security="restricted" src="https://salesianosmaux.es/centrojuvenil/2026/03/24/reunion-campa-sj-2026/embed/#?secret=xaHPASsm3b" width="600" height="338" title="«Reunión Campa SJ 2026» — Centro Juvenil María Auxiliadora" data-secret="xaHPASsm3b" frameborder="0" marginwidth="0" marginheight="0" scrolling="no" class="wp-embedded-content"></iframe><script>
/*! This file is auto-generated */
!function(d,l){"use strict";l.querySelector&&d.addEventListener&&"undefined"!=typeof URL&&(d.wp=d.wp||{},d.wp.receiveEmbedMessage||(d.wp.receiveEmbedMessage=function(e){var t=e.data;if((t||t.secret||t.message||t.value)&&!/[^a-zA-Z0-9]/.test(t.secret)){for(var s,r,n,a=l.querySelectorAll('iframe[data-secret="'+t.secret+'"]'),o=l.querySelectorAll('blockquote[data-secret="'+t.secret+'"]'),c=new RegExp("^https?:$","i"),i=0;i<o.length;i++)o[i].style.display="none";for(i=0;i<a.length;i++)s=a[i],e.source===s.contentWindow&&(s.removeAttribute("style"),"height"===t.message?(1e3<(r=parseInt(t.value,10))?r=1e3:~~r<200&&(r=200),s.height=r):"link"===t.message&&(r=new URL(s.getAttribute("src")),n=new URL(t.value),c.test(n.protocol))&&n.host===r.host&&l.activeElement===s&&(d.top.location.href=t.value))}},d.addEventListener("message",d.wp.receiveEmbedMessage,!1),l.addEventListener("DOMContentLoaded",function(){for(var e,t,s=l.querySelectorAll("iframe.wp-embedded-content"),r=0;r<s.length;r++)(t=(e=s[r]).getAttribute("data-secret"))||(t=Math.random().toString(36).substring(2,12),e.src+="#?secret="+t,e.setAttribute("data-secret",t)),e.contentWindow.postMessage({message:"ready",secret:t},"*")},!1)))}(window,document);
//# sourceURL=https://salesianosmaux.es/centrojuvenil/wp-includes/js/wp-embed.min.js
</script>

[et_pb_section fb_built=»1&#8243; theme_builder_area=»post_content» _builder_version=»4.27.5&#8243; _module_preset=»default»][et_pb_row _builder_version=»4.27.5&#8243; _module_preset=»default» theme_builder_area=»post_content»][et_pb_column _builder_version=»4.27.5&#8243; _module_preset=»default» type=»4_4&#8243; theme_builder_area=»post_content»][et_pb_text _builder_version=»4.27.5&#8243; _module_preset=»default» theme_builder_area=»post_content» hover_enabled=»0&#8243; sticky_enabled=»0&#8243;] REUNIÓN DEL CAMPA DE LA SJ Como os avisamos por nuestras RRSS, ayer día 23 de marzo tuvimos nuestra primera reunión del campamento de la Sección Juvenil.  Ya podéis ver la presentación con toda la información que dimos [&hellip;]
