{"id":85,"date":"2022-03-19T22:30:04","date_gmt":"2022-03-19T22:30:04","guid":{"rendered":"https:\/\/salesianosmaux.es\/clubdeportivo\/?page_id=85"},"modified":"2022-05-31T20:29:29","modified_gmt":"2022-05-31T20:29:29","slug":"club","status":"publish","type":"page","link":"https:\/\/salesianosmaux.es\/clubdeportivo\/club\/","title":{"rendered":"Sobre el Club"},"content":{"rendered":"<p>[et_pb_section fb_built=\u00bb1&#8243; fullwidth=\u00bbon\u00bb _builder_version=\u00bb4.16&#8243; global_colors_info=\u00bb{}\u00bb][et_pb_fullwidth_header title=\u00bbSobre el Club\u00bb title_font_color=\u00bb#ffffff\u00bb module_class=\u00bbpagina-imagen-cabecera\u00bb _builder_version=\u00bb4.17.4&#8243; title_font=\u00bbLato||||||||\u00bb title_text_color=\u00bb#ffffff\u00bb title_font_size=\u00bb40px\u00bb background_color=\u00bb#E02B20&#8243; background_image=\u00bbhttps:\/\/salesianosmaux.es\/clubdeportivo\/wp-content\/uploads\/sites\/9\/2022\/03\/encabezado_noticias_casa-min.png\u00bb max_width_tablet=\u00bb50px\u00bb hover_enabled=\u00bb0&#8243; background_url=\u00bbhttps:\/\/alicante.salesianos.edu\/colegio\/wp-content\/uploads\/sites\/2\/2017\/03\/Captura-de-pantalla-2017-03-21-a-las-17.25.56.png\u00bb button_one_letter_spacing_hover=\u00bb0&#8243; button_two_letter_spacing_hover=\u00bb0&#8243; global_colors_info=\u00bb{}\u00bb button_one_text_size__hover_enabled=\u00bboff\u00bb button_two_text_size__hover_enabled=\u00bboff\u00bb button_one_text_color__hover_enabled=\u00bboff\u00bb button_two_text_color__hover_enabled=\u00bboff\u00bb button_one_border_width__hover_enabled=\u00bboff\u00bb button_two_border_width__hover_enabled=\u00bboff\u00bb button_one_border_color__hover_enabled=\u00bboff\u00bb button_two_border_color__hover_enabled=\u00bboff\u00bb button_one_border_radius__hover_enabled=\u00bboff\u00bb button_two_border_radius__hover_enabled=\u00bboff\u00bb button_one_letter_spacing__hover_enabled=\u00bbon\u00bb button_one_letter_spacing__hover=\u00bb0&#8243; button_two_letter_spacing__hover_enabled=\u00bbon\u00bb button_two_letter_spacing__hover=\u00bb0&#8243; button_one_bg_color__hover_enabled=\u00bboff\u00bb button_two_bg_color__hover_enabled=\u00bboff\u00bb title_text=\u00bbencabezado_noticias_casa-min\u00bb sticky_enabled=\u00bb0&#8243;][\/et_pb_fullwidth_header][\/et_pb_section][et_pb_section fb_built=\u00bb1&#8243; _builder_version=\u00bb4.16&#8243; _module_preset=\u00bbdefault\u00bb global_colors_info=\u00bb{}\u00bb][et_pb_row column_structure=\u00bb3_5,2_5&#8243; _builder_version=\u00bb4.16&#8243; _module_preset=\u00bbdefault\u00bb global_colors_info=\u00bb{}\u00bb][et_pb_column type=\u00bb3_5&#8243; _builder_version=\u00bb4.16&#8243; _module_preset=\u00bbdefault\u00bb global_colors_info=\u00bb{}\u00bb][et_pb_text _builder_version=\u00bb4.16&#8243; _module_preset=\u00bbdefault\u00bb text_font_size=\u00bb16px\u00bb header_2_font=\u00bbLato|300|||||||\u00bb header_2_font_size=\u00bb34px\u00bb global_colors_info=\u00bb{}\u00bb]<\/p>\n<div class=\"et_pb_module et_pb_text et_pb_text_0  et_pb_text_align_left et_pb_bg_layout_light\">\n<div class=\"et_pb_text_inner\">\n<h2>Bienvenido\/a a tu club,<\/h2>\n<\/div>\n<\/div>\n<div class=\"et_pb_module et_pb_text et_pb_text_1  et_pb_text_align_left et_pb_bg_layout_light\">\n<div class=\"et_pb_text_inner\">\n<p><span>El <\/span>Club Deportivo Maux <span>dispone de una amplia variedad de deportes en diferentes\u00a0categor\u00edas: f\u00fatbol sala, baloncesto, voleibol\u00a0y\u00a0atletismo. Adem\u00e1s, ofrecemos ajedrez, judo, patinaje, tenis de mesa y salvamento y socorrismo para los interesados en otras experiencias deportivas.<\/span><\/p>\n<p><span>Nuestro club busca ofrecer una\u00a0<\/span><strong>educaci\u00f3n integral<\/strong><span> para ni\u00f1os y j\u00f3venes de toda Salamanca a trav\u00e9s del deporte y los valores de la <\/span>pedagog\u00eda salesiana<span>.<\/span><\/p>\n<p>Estos son algunos de los objetivos que nos proponemos:<\/p>\n<div class=\"page\" title=\"Page 1\">\n<div class=\"section\">\n<div class=\"layoutArea\">\n<div class=\"column\">\n<ul>\n<li><strong>Desarrollar los fundamentos b\u00e1sicos de los diferentes deportes<\/strong>, a nivel t\u00e9cnico y t\u00e1ctico, tanto de forma individual como colectiva. <strong>Anteponer la diversi\u00f3n, la convivencia y la educaci\u00f3n sobre el resultado y el rendimiento.<\/strong><\/li>\n<li><strong>Utilizar los deportes como veh\u00edculo de trasmisi\u00f3n de valores<\/strong>, desarrollando actitudes de participaci\u00f3n, colaboraci\u00f3n, respeto, tolerancia, empat\u00eda\u2026 y utilizando el juego como herramienta.<\/li>\n<li><strong>Fomentar la convivencia e integraci\u00f3n de todos los participantes<\/strong> como instrumento de cambio social.<\/li>\n<\/ul>\n<p>Si quieres que tu hijo\/a disfrute del deporte en una clave educativa y de manera saludable, \u00a1este es tu club!<\/p>\n<\/div>\n<\/div>\n<\/div>\n<\/div>\n<\/div>\n<\/div>\n<p>[\/et_pb_text][et_pb_text _builder_version=\u00bb4.16&#8243; _module_preset=\u00bbdefault\u00bb header_2_font=\u00bbLato|300|||||||\u00bb header_2_font_size=\u00bb34px\u00bb global_colors_info=\u00bb{}\u00bb]<\/p>\n<h2>Caracter\u00edsticas del deporte educativo salesiano<\/h2>\n<p>[\/et_pb_text][et_pb_accordion open_toggle_text_color=\u00bb#7c7c7c\u00bb open_toggle_background_color=\u00bb#f2f2f2&#8243; toggle_icon=\u00bb&#xe050;||divi||400&#8243; icon_color=\u00bb#E02B20&#8243; _builder_version=\u00bb4.16&#8243; _module_preset=\u00bbdefault\u00bb toggle_text_color=\u00bb#7c7c7c\u00bb toggle_level=\u00bbh1&#8243; toggle_font=\u00bbLato|900|on||||||\u00bb toggle_font_size=\u00bb22px\u00bb body_text_align=\u00bbjustify\u00bb body_font_size=\u00bb16px\u00bb background_color=\u00bb#FFFFFF\u00bb border_radii=\u00bbon|35px|35px|35px|35px\u00bb box_shadow_style=\u00bbpreset2&#8243; global_colors_info=\u00bb{}\u00bb][et_pb_accordion_item title=\u00bbPopular, alejado del elitismo\u00bb open=\u00bbon\u00bb _builder_version=\u00bb4.16&#8243; _module_preset=\u00bbdefault\u00bb global_colors_info=\u00bb{}\u00bb]<\/p>\n<ul>\n<li><span>Que se convierte en servicio social al que todos tienen derecho y posibilidad de acceder.<\/span><\/li>\n<li><span>Un deporte no elitista, concebido como actividad para todos, con independencia de las posibilidades econo\u0301micas y de las cualidades fi\u0301sicas del que lo practica.<\/span><\/li>\n<\/ul>\n<p><em>Una adecuada conciencia de deporte educativo debe ser capaz de ofrecer filtros cri\u0301ticos a los jo\u0301venes deportistas para que aprendan a valorar adecuadamente el deporte convertido en feno\u0301meno de masas, y a los li\u0301deres deportivos que genera.<\/em><\/p>\n<p>[\/et_pb_accordion_item][et_pb_accordion_item title=\u00bbHumanizador\u00bb _builder_version=\u00bb4.16&#8243; _module_preset=\u00bbdefault\u00bb global_colors_info=\u00bb{}\u00bb open=\u00bboff\u00bb]<\/p>\n<p style=\"text-align: justify\">Que desarrolla su potencial para hacer personas, para educar, para ayudar al joven a conseguir mayor calidad de vida.<\/p>\n<p style=\"text-align: justify\">El deporte salesiano:<\/p>\n<ul>\n<li style=\"text-align: justify\">Ubica el deporte en el lugar que le corresponde, dentro de la jerarqui\u0301a de valores (estudios, familia, amigos\u2026) que debe orientar la vida de nin\u0303os y jo\u0301venes.<\/li>\n<li style=\"text-align: justify\">Considera el deporte como medio para educar y desarrollar armo\u0301nicamente aspectos del crecimiento fi\u0301sico, mental, e\u0301tico y religioso, y no como un fin en si mismo.<\/li>\n<li style=\"text-align: justify\">Privilegia en la pra\u0301ctica deportiva el ambiente de encuentro, que facilita la relacio\u0301n interpersonal con el otro.<\/li>\n<\/ul>\n<p>[\/et_pb_accordion_item][et_pb_accordion_item title=\u00bbPreventivo\u00bb _builder_version=\u00bb4.16&#8243; _module_preset=\u00bbdefault\u00bb global_colors_info=\u00bb{}\u00bb open=\u00bboff\u00bb]<\/p>\n<p style=\"text-align: justify\"><span>Un deporte entendido como prevencio\u0301n:<\/span><\/p>\n<ul>\n<li style=\"text-align: justify\"><span>Promueve la creacio\u0301n de ha\u0301bitos de vida saludable, evitando las consecuencias derivadas de la falta de higiene, del sedentarismo, del consumo de sustancias nocivas para la salud y de la utilizacio\u0301n desenfocada del tiempo de ocio.<\/span><\/li>\n<li style=\"text-align: justify\"><span>En este sentido, un deporte preventivo acoge preferentemente a aquellos nin\u0303os y jo\u0301venes que se hallan en situaciones de riesgo, ya sea por la edad, por la zona en la que conviven, por la situacio\u0301n familiar, por el bajo nivel acade\u0301mico\u2026<\/span><\/li>\n<li style=\"text-align: justify\"><span>Favorece la autoestima y la visio\u0301n positiva del propio crecimiento.<\/span><\/li>\n<li style=\"text-align: justify\"><span>Se convierte en plataforma desde la que promover la calidad de vida.<\/span><\/li>\n<\/ul>\n<p>[\/et_pb_accordion_item][et_pb_accordion_item title=\u00bbL\u00fadico\u00bb _builder_version=\u00bb4.16&#8243; _module_preset=\u00bbdefault\u00bb global_colors_info=\u00bb{}\u00bb open=\u00bboff\u00bb]<\/p>\n<p style=\"text-align: justify\"><span>El juego es un factor que esta\u0301 presente en la vida de todos en mayor o menor medida y tiende a ser uno de los elementos ba\u0301sicos en el desarrollo y formacio\u0301n de los nin\u0303os y jo\u0301venes. El deporte, en su dimensio\u0301n lu\u0301dica, aporta la participacio\u0301n de todos, frente a la eliminacio\u0301n o la participacio\u0301n de unos pocos; la ayuda y la cooperacio\u0301n, frente a la rivalidad y la competitividad directa con los dema\u0301s; y el respeto mutuo frente al rechazo y la discriminacio\u0301n ajena.<\/span><\/p>\n<p style=\"text-align: justify\"><span>La pra\u0301ctica deportiva es juego altamente reglado pero juego en definitiva. En los ori\u0301genes del deporte competitivo, siempre ha estado el juego. El deporte salesiano no puede perder esta dimensio\u0301n lu\u0301dica tan presente en la pedagogi\u0301a de D. Bosco, sin despreciar la competitividad en su justa medida, tal como podemos recordar en la escena de su encuentro con el saltimbanqui.<\/span><\/p>\n<p style=\"text-align: justify\"><span>Asi\u0301, un deporte entendido en su dimensio\u0301n lu\u0301dica:<\/span><\/p>\n<ul>\n<li style=\"text-align: justify\"><span>Busca compartir con los componentes del grupo algo ma\u0301s que la actividad fi\u0301sica competitiva, favoreciendo el buen ambiente y las relaciones personales.<\/span><\/li>\n<li style=\"text-align: justify\"><span>Sabe tratar con equilibrio las situaciones de e\u0301xito y de fracaso en torno a los resultados.<\/span><\/li>\n<li style=\"text-align: justify\"><span>Integra en los mismos objetivos a todos los miembros del grupo, incluso a los menos dotados.<\/span><\/li>\n<li style=\"text-align: justify\"><span>Posibilita la participacio\u0301n de los jo\u0301venes tal y como son en la realidad, exteriorizando sus cualidades y defectos de forma esponta\u0301nea.<\/span><\/li>\n<\/ul>\n<p>[\/et_pb_accordion_item][et_pb_accordion_item title=\u00bbIntegrado en un proyecto educativo\u00bb _builder_version=\u00bb4.16&#8243; _module_preset=\u00bbdefault\u00bb global_colors_info=\u00bb{}\u00bb open=\u00bboff\u00bb]<\/p>\n<p style=\"text-align: justify\"><span>El deporte educativo salesiano se encuentra integrado en un proyecto educativo amplio en el que interviene un equipo de personas que miran a objetivos comunes.<\/span><\/p>\n<p style=\"text-align: justify\"><span>En este sentido existen diversos niveles de concrecio\u0301n hasta llegar a la propuesta educativa del deporte. El ideario de la obra en la que se desarrolla la pra\u0301ctica deportiva y el proyecto educativo pastoral son marcos de referencia de los que se ha de alimentar cualquier organizacio\u0301n deportiva en el a\u0301mbito salesiano. Saber dar al deporte el lugar que le corresponde contribuye a que toda la comunidad educativo-pastoral lo sienta como suyo. Las condiciones siguientes contribuyen a ello:<\/span><\/p>\n<ul>\n<li style=\"text-align: justify\"><span>Que este\u0301 integrado en un proyecto educativo global.<\/span><\/li>\n<li style=\"text-align: justify\"><span>Que acepte y promueva las directrices del Proyecto Educativo Pastoral Salesiano.<\/span><\/li>\n<li style=\"text-align: justify\"><span>Inserto en los li\u0301mites espacio-temporales que le son propios, a tenor de las necesidades y posibilidades de los destinatarios y de la obra salesiana.<\/span><\/li>\n<li style=\"text-align: justify\"><span>Que opte por el estilo especi\u0301fico de la animacio\u0301n y del sistema preventivo.<\/span><\/li>\n<li style=\"text-align: justify\"><span>Que sea capaz de responder a las necesidades profundas y de crecimiento que tienen los nin\u0303os y jo\u0301venes, no so\u0301lo en el aspecto fi\u0301sico o en la mera competicio\u0301n.<\/span><\/li>\n<li style=\"text-align: justify\"><span>Que considere al deporte como plataforma de acercamiento a jo\u0301venes en situaciones de riesgo social que no se insertan en otro tipo de estructuras pastorales.<\/span><\/li>\n<\/ul>\n<p>[\/et_pb_accordion_item][et_pb_accordion_item title=\u00bbFlexible, creativo y gradual\u00bb _builder_version=\u00bb4.16&#8243; _module_preset=\u00bbdefault\u00bb global_colors_info=\u00bb{}\u00bb open=\u00bboff\u00bb]<\/p>\n<p style=\"text-align: justify\"><span>El deporte educativo salesiano, para que contribuya verdaderamente al crecimiento integral, no se cin\u0303e u\u0301nicamente a las exigencias de la competicio\u0301n deportiva, sino que se torna gradual y flexible. Para ello tiene en cuenta las siguientes caracteri\u0301sticas:<\/span><\/p>\n<ul>\n<li style=\"text-align: justify\"><span>Se adapta a las circunstancias personales y psicosociales de los participantes.<\/span><\/li>\n<li style=\"text-align: justify\"><span>Atiende a la Teori\u0301a del Entrenamiento y la evolucio\u0301n de las capacidades fi\u0301sicas emanada del deporte base y deporte para todos. Tiene en cuenta asi\u0301, la madurez psicomotriz de cada una de las etapas de crecimiento, dosificando en su justa medida la frecuencia y la carga de entrenamiento.<\/span><\/li>\n<li style=\"text-align: justify\"><span>Respeta los periodos vacacionales propios de la edad del deportista y de su necesidad de compartir su tiempo libre con familiares, amigos y con otras intervenciones educativas.<\/span><\/li>\n<li style=\"text-align: justify\"><span>Esta\u0301 abierto a nuevas experiencias que no se limitan al campo de juego, sino que propone otras intervenciones educativas colaterales encaminadas a facilitar una educacio\u0301n integral.<\/span><\/li>\n<\/ul>\n<p>[\/et_pb_accordion_item][et_pb_accordion_item title=\u00bbEstructurado y organizado\u00bb _builder_version=\u00bb4.16&#8243; _module_preset=\u00bbdefault\u00bb global_colors_info=\u00bb{}\u00bb open=\u00bboff\u00bb]<\/p>\n<p style=\"text-align: justify\"><span>El deporte, como sucede en cualquier proceso educativo, debe ser abordado desde una planificacio\u0301n:<\/span><\/p>\n<ul>\n<li style=\"text-align: justify\"><span>Que incluye en el proyecto educativo a todos los miembros implicados en el entorno educativo del deportista: animadores deportivos, colaboradores, deportistas, padres, tutores\u2026<\/span><\/li>\n<li style=\"text-align: justify\"><span>Que programa y evalu\u0301a haciendo un ana\u0301lisis previo de la realidad, acerca de las caracteri\u0301sticas de los destinatarios, sus necesidades, los recursos humanos y los medios materiales necesarios para llevar a cabo la actividad deportiva.<\/span><\/li>\n<li style=\"text-align: justify\"><span>Que se relaciona con otras entidades deportivas, ya sean pu\u0301blicas o privadas, con quienes colabora y a las que ofrece sus intuiciones y logros.<\/span><\/li>\n<li style=\"text-align: justify\">Que cuida la idoneidad del espacio fi\u0301sico donde se desarrolla la actividad deportiva.<\/li>\n<li style=\"text-align: justify\">Que garantiza la cobertura legal de cuantos intervienen en e\u0301l, frente a posibles riesgos o accidentes inherentes a la misma actividad deportiva.<\/li>\n<\/ul>\n<p>[\/et_pb_accordion_item][et_pb_accordion_item title=\u00bbCon dimensi\u00f3n pastoral\u00bb _builder_version=\u00bb4.16&#8243; _module_preset=\u00bbdefault\u00bb global_colors_info=\u00bb{}\u00bb open=\u00bboff\u00bb]<\/p>\n<p style=\"text-align: justify\"><span>El Sistema Preventivo, como expresio\u0301n de la caridad pastoral, es una propuesta original de evangelizacio\u0301n que se comienza encontra\u0301ndose con los jo\u0301venes donde ellos esta\u0301n, y en aquello que les gusta. El binomio \u201ceducar evangelizando y evangelizar educando\u201d, tiene tambie\u0301n en el deporte educativo su aplicacio\u0301n.<\/span><\/p>\n<p style=\"text-align: justify\"><span>Para que esto sea posible, el animador deportivo subraya los factores:<\/span><\/p>\n<ul>\n<li style=\"text-align: justify\"><span>Que facilitan el desarrollo total de la persona, tanto en su aspecto individual como comunitario.<\/span><\/li>\n<li style=\"text-align: justify\"><span>Que promueven el desarrollo de los recursos positivos que tienen los jo\u0301venes deportistas.<\/span><\/li>\n<li style=\"text-align: justify\"><span>Que generan la propuesta y asimilacio\u0301n de actitudes y valores aute\u0301nticamente humanos.<\/span><\/li>\n<li style=\"text-align: justify\"><span>Que favorecen una visio\u0301n cristiana de la vida, abierta a los valores evange\u0301licos.<\/span><\/li>\n<li style=\"text-align: justify\"><span>Que propone una forma peculiar de vida cristiana y de santidad juvenil.<\/span><\/li>\n<\/ul>\n<p>[\/et_pb_accordion_item][\/et_pb_accordion][\/et_pb_column][et_pb_column type=\u00bb2_5&#8243; _builder_version=\u00bb4.16&#8243; _module_preset=\u00bbdefault\u00bb global_colors_info=\u00bb{}\u00bb][et_pb_testimonial author=\u00bbJos\u00e9 Ram\u00f3n Alonso De Linaje Gonz\u00e1lez\u00bb job_title=\u00bbCoordinador del Club Deportivo\u00bb portrait_url=\u00bbhttps:\/\/salesianosmaux.es\/clubdeportivo\/wp-content\/uploads\/sites\/9\/2022\/04\/Joserra.jpeg\u00bb _builder_version=\u00bb4.16&#8243; _module_preset=\u00bbdefault\u00bb global_colors_info=\u00bb{}\u00bb]<\/p>\n<p style=\"text-align: justify\">Saludos cordiales del Club Deportivo Salesianos Mar\u00eda Auxiliadora<\/p>\n<p style=\"text-align: justify\">De forma virtual, te abrimos las puertas para que nos puedas conocer.<\/p>\n<p style=\"text-align: justify\">No somos un club cerrado, sino abierto a todas las personas que forman parte del colegio, barrio y ciudad de Salamanca. Un club integrado en el proyecto Salesiano en Salamanca cuya finalidad es la\u00a0<strong>educaci\u00f3n integral de los j\u00f3venes a trav\u00e9s del deporte<\/strong>.<\/p>\n<p style=\"text-align: justify\">Vis\u00edtanos en esta web, pero\u00a0<strong>v\u00edvelo con nosotros<\/strong>, donde educadores, entrenadores, profesionales y voluntarios desarrollan un trabajo conjunto de hacer realidad el \u201csue\u00f1o educativo\u201d de Don Bosco que tanto sol\u00eda repetir: conseguir\u00a0<em>honrados ciudadanos y buenos cristianos<\/em>.<\/p>\n<p>Bienvenido al Club.\u00a0\u00a1Te invitamos a que nos conozcas!<\/p>\n<p>[\/et_pb_testimonial][et_pb_button button_url=\u00bbhttps:\/\/salesianosmaux.es\/clubdeportivo\/deportes\u00bb button_text=\u00bbDeportes ofertados\u00bb button_alignment=\u00bbcenter\u00bb _builder_version=\u00bb4.16&#8243; _module_preset=\u00bbdefault\u00bb custom_button=\u00bbon\u00bb button_text_color=\u00bb#FFFFFF\u00bb button_bg_color=\u00bb#E02B20&#8243; button_border_radius=\u00bb100px\u00bb button_font=\u00bbLato|700|||||||\u00bb button_use_icon=\u00bboff\u00bb global_colors_info=\u00bb{}\u00bb][\/et_pb_button][et_pb_image src=\u00bbhttps:\/\/salesianosmaux.es\/clubdeportivo\/wp-content\/uploads\/sites\/9\/2022\/03\/escuela.jpg\u00bb title_text=\u00bbescuela\u00bb _builder_version=\u00bb4.16&#8243; _module_preset=\u00bbdefault\u00bb global_colors_info=\u00bb{}\u00bb][\/et_pb_image][\/et_pb_column][\/et_pb_row][\/et_pb_section]<\/p>\n","protected":false},"excerpt":{"rendered":"<p>Bienvenido\/a a tu club, El Club Deportivo Maux dispone de una amplia variedad de deportes en diferentes\u00a0categor\u00edas: f\u00fatbol sala, baloncesto, voleibol\u00a0y\u00a0atletismo. Adem\u00e1s, ofrecemos ajedrez, judo, patinaje, tenis de mesa y salvamento y socorrismo para los interesados en otras experiencias deportivas. Nuestro club busca ofrecer una\u00a0educaci\u00f3n integral para ni\u00f1os y j\u00f3venes de toda Salamanca a trav\u00e9s [&hellip;]<\/p>\n","protected":false},"author":1,"featured_media":0,"parent":0,"menu_order":0,"comment_status":"closed","ping_status":"closed","template":"","meta":{"_et_pb_use_builder":"on","_et_pb_old_content":"","_et_gb_content_width":"","footnotes":""},"class_list":["post-85","page","type-page","status-publish","hentry"],"yoast_head":"<!-- This site is optimized with the Yoast SEO plugin v27.3 - https:\/\/yoast.com\/product\/yoast-seo-wordpress\/ -->\n<title>Sobre el Club - Club Deportivo<\/title>\n<meta name=\"robots\" content=\"index, follow, max-snippet:-1, max-image-preview:large, max-video-preview:-1\" \/>\n<link rel=\"canonical\" href=\"https:\/\/salesianosmaux.es\/clubdeportivo\/club\/\" \/>\n<meta property=\"og:locale\" content=\"es_ES\" \/>\n<meta property=\"og:type\" content=\"article\" \/>\n<meta property=\"og:title\" content=\"Sobre el Club - Club Deportivo\" \/>\n<meta property=\"og:description\" content=\"Que se convierte en servicio social al que todos tienen derecho y posibilidad de acceder. Un deporte no elitista, concebido como actividad para todos, con independencia de las posibilidades econo\u0301micas y de las cualidades fi\u0301sicas del que lo practica. Una adecuada conciencia de deporte educativo debe ser capaz de ofrecer filtros cri\u0301ticos a los jo\u0301venes [&hellip;]\" \/>\n<meta property=\"og:url\" content=\"https:\/\/salesianosmaux.es\/clubdeportivo\/club\/\" \/>\n<meta property=\"og:site_name\" content=\"Club Deportivo\" \/>\n<meta property=\"article:modified_time\" content=\"2022-05-31T20:29:29+00:00\" \/>\n<meta name=\"twitter:card\" content=\"summary_large_image\" \/>\n<script type=\"application\/ld+json\" class=\"yoast-schema-graph\">{\"@context\":\"https:\\\/\\\/schema.org\",\"@graph\":[{\"@type\":\"WebPage\",\"@id\":\"https:\\\/\\\/salesianosmaux.es\\\/clubdeportivo\\\/club\\\/\",\"url\":\"https:\\\/\\\/salesianosmaux.es\\\/clubdeportivo\\\/club\\\/\",\"name\":\"Sobre el Club - Club Deportivo\",\"isPartOf\":{\"@id\":\"https:\\\/\\\/salesianosmaux.es\\\/clubdeportivo\\\/#website\"},\"datePublished\":\"2022-03-19T22:30:04+00:00\",\"dateModified\":\"2022-05-31T20:29:29+00:00\",\"breadcrumb\":{\"@id\":\"https:\\\/\\\/salesianosmaux.es\\\/clubdeportivo\\\/club\\\/#breadcrumb\"},\"inLanguage\":\"es\",\"potentialAction\":[{\"@type\":\"ReadAction\",\"target\":[\"https:\\\/\\\/salesianosmaux.es\\\/clubdeportivo\\\/club\\\/\"]}]},{\"@type\":\"BreadcrumbList\",\"@id\":\"https:\\\/\\\/salesianosmaux.es\\\/clubdeportivo\\\/club\\\/#breadcrumb\",\"itemListElement\":[{\"@type\":\"ListItem\",\"position\":1,\"name\":\"Portada\",\"item\":\"https:\\\/\\\/salesianosmaux.es\\\/clubdeportivo\\\/\"},{\"@type\":\"ListItem\",\"position\":2,\"name\":\"Sobre el Club\"}]},{\"@type\":\"WebSite\",\"@id\":\"https:\\\/\\\/salesianosmaux.es\\\/clubdeportivo\\\/#website\",\"url\":\"https:\\\/\\\/salesianosmaux.es\\\/clubdeportivo\\\/\",\"name\":\"Club Deportivo\",\"description\":\"\",\"potentialAction\":[{\"@type\":\"SearchAction\",\"target\":{\"@type\":\"EntryPoint\",\"urlTemplate\":\"https:\\\/\\\/salesianosmaux.es\\\/clubdeportivo\\\/?s={search_term_string}\"},\"query-input\":{\"@type\":\"PropertyValueSpecification\",\"valueRequired\":true,\"valueName\":\"search_term_string\"}}],\"inLanguage\":\"es\"}]}<\/script>\n<!-- \/ Yoast SEO plugin. -->","yoast_head_json":{"title":"Sobre el Club - Club Deportivo","robots":{"index":"index","follow":"follow","max-snippet":"max-snippet:-1","max-image-preview":"max-image-preview:large","max-video-preview":"max-video-preview:-1"},"canonical":"https:\/\/salesianosmaux.es\/clubdeportivo\/club\/","og_locale":"es_ES","og_type":"article","og_title":"Sobre el Club - Club Deportivo","og_description":"Que se convierte en servicio social al que todos tienen derecho y posibilidad de acceder. Un deporte no elitista, concebido como actividad para todos, con independencia de las posibilidades econo\u0301micas y de las cualidades fi\u0301sicas del que lo practica. Una adecuada conciencia de deporte educativo debe ser capaz de ofrecer filtros cri\u0301ticos a los jo\u0301venes [&hellip;]","og_url":"https:\/\/salesianosmaux.es\/clubdeportivo\/club\/","og_site_name":"Club Deportivo","article_modified_time":"2022-05-31T20:29:29+00:00","twitter_card":"summary_large_image","schema":{"@context":"https:\/\/schema.org","@graph":[{"@type":"WebPage","@id":"https:\/\/salesianosmaux.es\/clubdeportivo\/club\/","url":"https:\/\/salesianosmaux.es\/clubdeportivo\/club\/","name":"Sobre el Club - Club Deportivo","isPartOf":{"@id":"https:\/\/salesianosmaux.es\/clubdeportivo\/#website"},"datePublished":"2022-03-19T22:30:04+00:00","dateModified":"2022-05-31T20:29:29+00:00","breadcrumb":{"@id":"https:\/\/salesianosmaux.es\/clubdeportivo\/club\/#breadcrumb"},"inLanguage":"es","potentialAction":[{"@type":"ReadAction","target":["https:\/\/salesianosmaux.es\/clubdeportivo\/club\/"]}]},{"@type":"BreadcrumbList","@id":"https:\/\/salesianosmaux.es\/clubdeportivo\/club\/#breadcrumb","itemListElement":[{"@type":"ListItem","position":1,"name":"Portada","item":"https:\/\/salesianosmaux.es\/clubdeportivo\/"},{"@type":"ListItem","position":2,"name":"Sobre el Club"}]},{"@type":"WebSite","@id":"https:\/\/salesianosmaux.es\/clubdeportivo\/#website","url":"https:\/\/salesianosmaux.es\/clubdeportivo\/","name":"Club Deportivo","description":"","potentialAction":[{"@type":"SearchAction","target":{"@type":"EntryPoint","urlTemplate":"https:\/\/salesianosmaux.es\/clubdeportivo\/?s={search_term_string}"},"query-input":{"@type":"PropertyValueSpecification","valueRequired":true,"valueName":"search_term_string"}}],"inLanguage":"es"}]}},"_links":{"self":[{"href":"https:\/\/salesianosmaux.es\/clubdeportivo\/wp-json\/wp\/v2\/pages\/85","targetHints":{"allow":["GET"]}}],"collection":[{"href":"https:\/\/salesianosmaux.es\/clubdeportivo\/wp-json\/wp\/v2\/pages"}],"about":[{"href":"https:\/\/salesianosmaux.es\/clubdeportivo\/wp-json\/wp\/v2\/types\/page"}],"author":[{"embeddable":true,"href":"https:\/\/salesianosmaux.es\/clubdeportivo\/wp-json\/wp\/v2\/users\/1"}],"replies":[{"embeddable":true,"href":"https:\/\/salesianosmaux.es\/clubdeportivo\/wp-json\/wp\/v2\/comments?post=85"}],"version-history":[{"count":7,"href":"https:\/\/salesianosmaux.es\/clubdeportivo\/wp-json\/wp\/v2\/pages\/85\/revisions"}],"predecessor-version":[{"id":230,"href":"https:\/\/salesianosmaux.es\/clubdeportivo\/wp-json\/wp\/v2\/pages\/85\/revisions\/230"}],"wp:attachment":[{"href":"https:\/\/salesianosmaux.es\/clubdeportivo\/wp-json\/wp\/v2\/media?parent=85"}],"curies":[{"name":"wp","href":"https:\/\/api.w.org\/{rel}","templated":true}]}}