{"version":"1.0","provider_name":"Colegio Mar\u00eda Auxiliadora","provider_url":"https:\/\/salesianosmaux.es\/colegio","author_name":"admin","author_url":"https:\/\/salesianosmaux.es\/colegio\/author\/salamanca_95jmwv72\/","title":"D\u00eda de la Educaci\u00f3n Financiera 2022 - Colegio Mar\u00eda Auxiliadora","type":"rich","width":600,"height":338,"html":"<blockquote class=\"wp-embedded-content\" data-secret=\"0AvFFxPSox\"><a href=\"https:\/\/salesianosmaux.es\/colegio\/2022\/10\/02\/dia-de-la-educacion-financiera-2022\/\">D\u00eda de la Educaci\u00f3n Financiera 2022<\/a><\/blockquote><iframe sandbox=\"allow-scripts\" security=\"restricted\" src=\"https:\/\/salesianosmaux.es\/colegio\/2022\/10\/02\/dia-de-la-educacion-financiera-2022\/embed\/#?secret=0AvFFxPSox\" width=\"600\" height=\"338\" title=\"\u00abD\u00eda de la Educaci\u00f3n Financiera 2022\u00bb \u2014 Colegio Mar\u00eda Auxiliadora\" data-secret=\"0AvFFxPSox\" frameborder=\"0\" marginwidth=\"0\" marginheight=\"0\" scrolling=\"no\" class=\"wp-embedded-content\"><\/iframe><script>\n\/*! This file is auto-generated *\/\n!function(d,l){\"use strict\";l.querySelector&&d.addEventListener&&\"undefined\"!=typeof URL&&(d.wp=d.wp||{},d.wp.receiveEmbedMessage||(d.wp.receiveEmbedMessage=function(e){var t=e.data;if((t||t.secret||t.message||t.value)&&!\/[^a-zA-Z0-9]\/.test(t.secret)){for(var s,r,n,a=l.querySelectorAll('iframe[data-secret=\"'+t.secret+'\"]'),o=l.querySelectorAll('blockquote[data-secret=\"'+t.secret+'\"]'),c=new RegExp(\"^https?:$\",\"i\"),i=0;i<o.length;i++)o[i].style.display=\"none\";for(i=0;i<a.length;i++)s=a[i],e.source===s.contentWindow&&(s.removeAttribute(\"style\"),\"height\"===t.message?(1e3<(r=parseInt(t.value,10))?r=1e3:~~r<200&&(r=200),s.height=r):\"link\"===t.message&&(r=new URL(s.getAttribute(\"src\")),n=new URL(t.value),c.test(n.protocol))&&n.host===r.host&&l.activeElement===s&&(d.top.location.href=t.value))}},d.addEventListener(\"message\",d.wp.receiveEmbedMessage,!1),l.addEventListener(\"DOMContentLoaded\",function(){for(var e,t,s=l.querySelectorAll(\"iframe.wp-embedded-content\"),r=0;r<s.length;r++)(t=(e=s[r]).getAttribute(\"data-secret\"))||(t=Math.random().toString(36).substring(2,12),e.src+=\"#?secret=\"+t,e.setAttribute(\"data-secret\",t)),e.contentWindow.postMessage({message:\"ready\",secret:t},\"*\")},!1)))}(window,document);\n\/\/# sourceURL=https:\/\/salesianosmaux.es\/colegio\/wp-includes\/js\/wp-embed.min.js\n<\/script>\n","thumbnail_url":"https:\/\/salesianosmaux.es\/colegio\/wp-content\/uploads\/sites\/5\/2022\/10\/22Cartel-Dia-980x551-2.jpg","thumbnail_width":980,"thumbnail_height":551,"description":"[et_pb_section fb_built=\u00bb1&#8243; theme_builder_area=\u00bbpost_content\u00bb _builder_version=\u00bb4.18.0&#8243; _module_preset=\u00bbdefault\u00bb][et_pb_row _builder_version=\u00bb4.18.0&#8243; _module_preset=\u00bbdefault\u00bb theme_builder_area=\u00bbpost_content\u00bb][et_pb_column _builder_version=\u00bb4.18.0&#8243; _module_preset=\u00bbdefault\u00bb type=\u00bb4_4&#8243; theme_builder_area=\u00bbpost_content\u00bb][et_pb_text _builder_version=\u00bb4.18.0&#8243; _module_preset=\u00bbdefault\u00bb theme_builder_area=\u00bbpost_content\u00bb hover_enabled=\u00bb0&#8243; sticky_enabled=\u00bb0&#8243;] #DiaEducacionFinanciera2022: \u201cEducaci\u00f3n para unas finanzas m\u00e1s seguras\u201d Los alumnos de 4.\u00aa ESO que cursan la asignatura de Educaci\u00f3n financiera participamos en la iniciativa impulsada conjuntamente por el Banco de Espa\u00f1a, el Ministerio de Asuntos Econ\u00f3micos y Transformaci\u00f3n Digital [&hellip;]"}

Colegio María Auxiliadora

Día de la Educación Financiera 2022 - Colegio María Auxiliadora

<blockquote class="wp-embedded-content" data-secret="0AvFFxPSox"><a href="https://salesianosmaux.es/colegio/2022/10/02/dia-de-la-educacion-financiera-2022/">Día de la Educación Financiera 2022</a></blockquote><iframe sandbox="allow-scripts" security="restricted" src="https://salesianosmaux.es/colegio/2022/10/02/dia-de-la-educacion-financiera-2022/embed/#?secret=0AvFFxPSox" width="600" height="338" title="«Día de la Educación Financiera 2022» — Colegio María Auxiliadora" data-secret="0AvFFxPSox" frameborder="0" marginwidth="0" marginheight="0" scrolling="no" class="wp-embedded-content"></iframe><script>
/*! This file is auto-generated */
!function(d,l){"use strict";l.querySelector&&d.addEventListener&&"undefined"!=typeof URL&&(d.wp=d.wp||{},d.wp.receiveEmbedMessage||(d.wp.receiveEmbedMessage=function(e){var t=e.data;if((t||t.secret||t.message||t.value)&&!/[^a-zA-Z0-9]/.test(t.secret)){for(var s,r,n,a=l.querySelectorAll('iframe[data-secret="'+t.secret+'"]'),o=l.querySelectorAll('blockquote[data-secret="'+t.secret+'"]'),c=new RegExp("^https?:$","i"),i=0;i<o.length;i++)o[i].style.display="none";for(i=0;i<a.length;i++)s=a[i],e.source===s.contentWindow&&(s.removeAttribute("style"),"height"===t.message?(1e3<(r=parseInt(t.value,10))?r=1e3:~~r<200&&(r=200),s.height=r):"link"===t.message&&(r=new URL(s.getAttribute("src")),n=new URL(t.value),c.test(n.protocol))&&n.host===r.host&&l.activeElement===s&&(d.top.location.href=t.value))}},d.addEventListener("message",d.wp.receiveEmbedMessage,!1),l.addEventListener("DOMContentLoaded",function(){for(var e,t,s=l.querySelectorAll("iframe.wp-embedded-content"),r=0;r<s.length;r++)(t=(e=s[r]).getAttribute("data-secret"))||(t=Math.random().toString(36).substring(2,12),e.src+="#?secret="+t,e.setAttribute("data-secret",t)),e.contentWindow.postMessage({message:"ready",secret:t},"*")},!1)))}(window,document);
//# sourceURL=https://salesianosmaux.es/colegio/wp-includes/js/wp-embed.min.js
</script>

[et_pb_section fb_built=»1&#8243; theme_builder_area=»post_content» _builder_version=»4.18.0&#8243; _module_preset=»default»][et_pb_row _builder_version=»4.18.0&#8243; _module_preset=»default» theme_builder_area=»post_content»][et_pb_column _builder_version=»4.18.0&#8243; _module_preset=»default» type=»4_4&#8243; theme_builder_area=»post_content»][et_pb_text _builder_version=»4.18.0&#8243; _module_preset=»default» theme_builder_area=»post_content» hover_enabled=»0&#8243; sticky_enabled=»0&#8243;] #DiaEducacionFinanciera2022: “Educación para unas finanzas más seguras” Los alumnos de 4.ª ESO que cursan la asignatura de Educación financiera participamos en la iniciativa impulsada conjuntamente por el Banco de España, el Ministerio de Asuntos Económicos y Transformación Digital [&hellip;]
