{"id":635,"date":"2022-03-21T20:36:32","date_gmt":"2022-03-21T20:36:32","guid":{"rendered":"https:\/\/salesianosmaux.es\/colegio\/?page_id=635"},"modified":"2026-02-04T15:24:56","modified_gmt":"2026-02-04T15:24:56","slug":"escuela-de-familias","status":"publish","type":"page","link":"https:\/\/salesianosmaux.es\/colegio\/escuela-de-familias\/","title":{"rendered":"Escuela de Familias"},"content":{"rendered":"<p>[et_pb_section fb_built=\u00bb1&#8243; fullwidth=\u00bbon\u00bb _builder_version=\u00bb4.16&#8243; global_colors_info=\u00bb{}\u00bb][et_pb_fullwidth_header title=\u00bbEscuela de Familia\u00bb title_font_color=\u00bb#ffffff\u00bb module_class=\u00bbpagina-imagen-cabecera\u00bb _builder_version=\u00bb4.27.5&#8243; title_font=\u00bbLato||||||||\u00bb title_text_color=\u00bb#ffffff\u00bb title_font_size=\u00bb40px\u00bb subhead_font=\u00bbLato||on||||||\u00bb subhead_text_align=\u00bbright\u00bb background_color=\u00bb#B3B3B3&#8243; background_image=\u00bbhttps:\/\/salesianosmaux.es\/colegio\/wp-content\/uploads\/sites\/5\/2022\/05\/portadaescuelapadres.jpg\u00bb background_position=\u00bbtop_center\u00bb background_vertical_offset=\u00bb4%\u00bb max_width_tablet=\u00bb50px\u00bb hover_enabled=\u00bb0&#8243; background_url=\u00bbhttps:\/\/alicante.salesianos.edu\/colegio\/wp-content\/uploads\/sites\/2\/2017\/03\/Captura-de-pantalla-2017-03-21-a-las-17.25.56.png\u00bb button_one_letter_spacing_hover=\u00bb0&#8243; button_two_letter_spacing_hover=\u00bb0&#8243; global_colors_info=\u00bb{}\u00bb button_one_text_size__hover_enabled=\u00bboff\u00bb button_two_text_size__hover_enabled=\u00bboff\u00bb button_one_text_color__hover_enabled=\u00bboff\u00bb button_two_text_color__hover_enabled=\u00bboff\u00bb button_one_border_width__hover_enabled=\u00bboff\u00bb button_two_border_width__hover_enabled=\u00bboff\u00bb button_one_border_color__hover_enabled=\u00bboff\u00bb button_two_border_color__hover_enabled=\u00bboff\u00bb button_one_border_radius__hover_enabled=\u00bboff\u00bb button_two_border_radius__hover_enabled=\u00bboff\u00bb button_one_letter_spacing__hover_enabled=\u00bbon\u00bb button_one_letter_spacing__hover=\u00bb0&#8243; button_two_letter_spacing__hover_enabled=\u00bbon\u00bb button_two_letter_spacing__hover=\u00bb0&#8243; button_one_bg_color__hover_enabled=\u00bboff\u00bb button_two_bg_color__hover_enabled=\u00bboff\u00bb background_blend=\u00bboverlay\u00bb background_overlay_color=\u00bbRGBA(255,255,255,0)\u00bb sticky_enabled=\u00bb0&#8243;][\/et_pb_fullwidth_header][\/et_pb_section][et_pb_section fb_built=\u00bb1&#8243; _builder_version=\u00bb4.16&#8243; _module_preset=\u00bbdefault\u00bb global_colors_info=\u00bb{}\u00bb][et_pb_row column_structure=\u00bb3_5,2_5&#8243; _builder_version=\u00bb4.16&#8243; _module_preset=\u00bbdefault\u00bb global_colors_info=\u00bb{}\u00bb][et_pb_column type=\u00bb3_5&#8243; _builder_version=\u00bb4.16&#8243; _module_preset=\u00bbdefault\u00bb global_colors_info=\u00bb{}\u00bb][et_pb_text _builder_version=\u00bb4.16&#8243; text_font=\u00bbLato||||||||\u00bb text_font_size=\u00bb16px\u00bb text_line_height=\u00bb1.3em\u00bb header_font=\u00bb||||||||\u00bb header_2_font=\u00bbLato|300|||||||\u00bb header_2_font_size=\u00bb30px\u00bb text_orientation=\u00bbjustified\u00bb global_colors_info=\u00bb{}\u00bb]<\/p>\n<h2>Planteamiento de la Escuela de Familia<\/h2>\n<div style=\"text-align: justify;\">La Escuela de Familia ha de ser un \u00e1mbito de formaci\u00f3n e informaci\u00f3n. Tenemos que intentar lograr:<\/div>\n<div style=\"text-align: justify;\"><\/div>\n<div style=\"text-align: justify;\">1.- Una formaci\u00f3n integral de los padres.<\/div>\n<ul>\n<li style=\"text-align: justify;\">La responsabilidad educativa de los padres no termina cuando se pone a los hijos en el colegio.<\/li>\n<\/ul>\n<div style=\"text-align: justify;\">2.- La Escuela de Familia debe ayudarnos en adquirir la capacidad de tomar decisiones.<\/div>\n<ul>\n<li style=\"text-align: justify;\">Son muchos y graves problemas sobre los que hay que tomar decisiones: las normas, los l\u00edmites, la autoridad, obediencia, responsabilidad personal y social, sanitaria, etc.<\/li>\n<\/ul>\n<div style=\"text-align: justify;\">3.- La Escuela de Familia ha de ser un lugar de reflexi\u00f3n y di\u00e1logo.<\/div>\n<ul>\n<li style=\"text-align: justify;\">No se trata de ofrecer unas \u201crecetas educativas\u201d, sino tomarnos en serio nuestra tarea educativa; para ello necesitaremos:<\/li>\n<li>Conocer mejor a nuestros hijos y planificar la educaci\u00f3n familiar.<\/li>\n<li>Conocer e intentar aplicar t\u00e9cnicas que nos ayuden.<\/li>\n<li>Lograr la colaboraci\u00f3n de personas que nos puedan orientar.<\/li>\n<li>Tener un contacto real con el centro educativo de nuestros hijos.<\/li>\n<\/ul>\n<p>[\/et_pb_text][\/et_pb_column][et_pb_column type=\u00bb2_5&#8243; _builder_version=\u00bb4.16&#8243; _module_preset=\u00bbdefault\u00bb global_colors_info=\u00bb{}\u00bb][et_pb_testimonial author=\u00bbMiguel S\u00e1nchez Marug\u00e1n\u00bb job_title=\u00bbCoordinador de la Escuela de Familia\u00bb portrait_url=\u00bbhttps:\/\/salesianosmaux.es\/colegio\/wp-content\/uploads\/sites\/5\/2022\/03\/Marugan.png\u00bb _builder_version=\u00bb4.16&#8243; _module_preset=\u00bbdefault\u00bb global_colors_info=\u00bb{}\u00bb]<\/p>\n<p style=\"text-align: justify;\">La situaci\u00f3n social actual, nos plantea importantes y nuevos restos en la educaci\u00f3n escolar y familiar; \u00a0vivimos momentos muy dif\u00edciles, delicados y comprometedores, pero s\u00f3lo podremos afrontarlos con garant\u00eda, si educadores y padres nos reunimos, charlamos, contrastamos pareceres e ideas, compartimos experiencias y sobre todo, somos capaces de actuar en la misma direcci\u00f3n.<\/p>\n<p style=\"text-align: justify;\">Te invitamos a participar de esta bonita experiencia a lo largo del curso, \u00a1merece la pena!<\/p>\n<p>[\/et_pb_testimonial][\/et_pb_column][\/et_pb_row][et_pb_row _builder_version=\u00bb4.16&#8243; _module_preset=\u00bbdefault\u00bb global_colors_info=\u00bb{}\u00bb][et_pb_column type=\u00bb4_4&#8243; _builder_version=\u00bb4.16&#8243; _module_preset=\u00bbdefault\u00bb global_colors_info=\u00bb{}\u00bb][et_pb_text _builder_version=\u00bb4.16&#8243; text_font=\u00bbLato||||||||\u00bb text_font_size=\u00bb16px\u00bb header_font=\u00bb||||||||\u00bb header_2_font=\u00bbLato|300|||||||\u00bb header_2_font_size=\u00bb30px\u00bb text_orientation=\u00bbjustified\u00bb global_colors_info=\u00bb{}\u00bb]<\/p>\n<h2>Objetivos de la Escuela de Familia<\/h2>\n<p style=\"text-align: justify;\">Hay tres objetivos generales que nunca debieran faltar en una Escuela de Familia, aunque pueden existir muchos otros, y ser propuestos por los mismos padres.<\/p>\n<p>[\/et_pb_text][et_pb_accordion open_toggle_text_color=\u00bb#7c7c7c\u00bb open_toggle_background_color=\u00bb#f2f2f2&#8243; toggle_icon=\u00bb&#xe050;||divi||400&#8243; icon_color=\u00bb#E02B20&#8243; _builder_version=\u00bb4.16&#8243; _module_preset=\u00bbdefault\u00bb toggle_text_color=\u00bb#7c7c7c\u00bb toggle_level=\u00bbh1&#8243; toggle_font=\u00bbLato|900|on||||||\u00bb toggle_font_size=\u00bb22px\u00bb body_text_align=\u00bbjustify\u00bb body_font_size=\u00bb16px\u00bb background_color=\u00bb#FFFFFF\u00bb border_radii=\u00bbon|35px|35px|35px|35px\u00bb box_shadow_style=\u00bbpreset2&#8243; global_colors_info=\u00bb{}\u00bb][et_pb_accordion_item title=\u00bbCauce de revisi\u00f3n y aprendizaje\u00bb open=\u00bbon\u00bb _builder_version=\u00bb4.16&#8243; _module_preset=\u00bbdefault\u00bb global_colors_info=\u00bb{}\u00bb]<\/p>\n<div style=\"text-align: justify;\">Servir de cauce de revisi\u00f3n y aprendizaje para los padres en los temas relacionados con la educaci\u00f3n de sus hijos.<\/div>\n<div><\/div>\n<p>[\/et_pb_accordion_item][et_pb_accordion_item title=\u00bbPotenciar la comunicaci\u00f3n\u00bb _builder_version=\u00bb4.16&#8243; _module_preset=\u00bbdefault\u00bb global_colors_info=\u00bb{}\u00bb open=\u00bboff\u00bb]<\/p>\n<div style=\"text-align: justify;\">Potenciar la\u00a0comunicaci\u00f3n sobre las situaciones que se viven en la familia, creando un ambiente de amistad.<\/div>\n<p>[\/et_pb_accordion_item][et_pb_accordion_item title=\u00bbIntegraci\u00f3n de los padres en el colegio\u00bb _builder_version=\u00bb4.16&#8243; _module_preset=\u00bbdefault\u00bb global_colors_info=\u00bb{}\u00bb open=\u00bboff\u00bb]<\/p>\n<div style=\"text-align: justify;\">Aumentar la\u00a0integraci\u00f3n de los padres en el colegio ofreci\u00e9ndoles campos concretos de actividad.<\/div>\n<div><\/div>\n<p>[\/et_pb_accordion_item][\/et_pb_accordion][\/et_pb_column][\/et_pb_row][et_pb_row column_structure=\u00bb2_5,3_5&#8243; _builder_version=\u00bb4.16&#8243; _module_preset=\u00bbdefault\u00bb global_colors_info=\u00bb{}\u00bb disabled_on=\u00bbon|on|on\u00bb disabled=\u00bbon\u00bb][et_pb_column type=\u00bb2_5&#8243; _builder_version=\u00bb4.16&#8243; _module_preset=\u00bbdefault\u00bb global_colors_info=\u00bb{}\u00bb][et_pb_blurb title=\u00bbCalendario de reuniones\u00bb use_icon=\u00bbon\u00bb font_icon=\u00bb&#xf073;||fa||400&#8243; _builder_version=\u00bb4.16&#8243; _module_preset=\u00bbdefault\u00bb header_level=\u00bbh1&#8243; header_font=\u00bbLato|300|||||||\u00bb header_text_align=\u00bbcenter\u00bb header_font_size=\u00bb32px\u00bb global_colors_info=\u00bb{}\u00bb][\/et_pb_blurb][et_pb_text _builder_version=\u00bb4.16&#8243; text_font=\u00bb||||||||\u00bb header_font=\u00bb||||||||\u00bb header_2_font=\u00bbLato|300|||||||\u00bb header_2_font_size=\u00bb30px\u00bb text_orientation=\u00bbjustified\u00bb global_colors_info=\u00bb{}\u00bb]<\/p>\n<h5 style=\"text-align: center;\">Martes de 19 a 20 horas<\/h5>\n<h5>Primer trimestre<\/h5>\n<ul>\n<li>Octubre: 10 y 24<\/li>\n<li>Noviembre: 7 y 21<\/li>\n<li>Diciembre: 12<\/li>\n<\/ul>\n<h5>Segundo trimestre<\/h5>\n<ul>\n<li>Enero: 9 y 23<\/li>\n<li>Febrero: 6 y 120<\/li>\n<li>Marzo: 5 y 19<\/li>\n<\/ul>\n<h5>Tercer trimestre<\/h5>\n<ul>\n<li>Abril: 9 y 16<\/li>\n<li>Mayo: 7 y 21 (Clausura)<\/li>\n<\/ul>\n<p>[\/et_pb_text][\/et_pb_column][et_pb_column type=\u00bb3_5&#8243; _builder_version=\u00bb4.16&#8243; _module_preset=\u00bbdefault\u00bb global_colors_info=\u00bb{}\u00bb][et_pb_text _builder_version=\u00bb4.22.2&#8243; text_font=\u00bbLato||||||||\u00bb text_font_size=\u00bb16px\u00bb header_font=\u00bb||||||||\u00bb header_2_font=\u00bbLato|300|||||||\u00bb header_2_font_size=\u00bb30px\u00bb text_orientation=\u00bbjustified\u00bb global_colors_info=\u00bb{}\u00bb]<\/p>\n<h2>Temas para trabajar<\/h2>\n<p style=\"text-align: justify;\">Durante este curso trataremos de c\u00f3mo podemos \u00abCO\u0301MO ESTA\u0301 INFLUYENDO EN LA FAMILIA LA SOCIEDAD ACTUAL, LA EDUCACIO\u0301N Y LA CULTURA Y LAESCUELA\u201d.<\/p>\n<ul>\n<li style=\"text-align: justify;\">La importancia de que los padres nos formemos y leamos sobre la educaci\u00f3n de nuestros hijos.<\/li>\n<li style=\"text-align: justify;\">La importancia de tener espacios de di\u00e1logo en familia, entre la pareja, los padres y los hijos y los hijos entre s\u00ed. Estas relaciones deben suscitar la reflexi\u00f3n personal y compartida.<\/li>\n<li style=\"text-align: justify;\">Opciones y toma de decisiones en todos los \u00e1mbitos como familia y respecto al camino que juntos e individualmente recorremos<\/li>\n<\/ul>\n<p>[\/et_pb_text][et_pb_text _builder_version=\u00bb4.16&#8243; text_font=\u00bbLato||||||||\u00bb text_font_size=\u00bb16px\u00bb header_font=\u00bb||||||||\u00bb header_2_font=\u00bbLato|300|||||||\u00bb header_2_font_size=\u00bb30px\u00bb text_orientation=\u00bbjustified\u00bb global_colors_info=\u00bb{}\u00bb]<\/p>\n<h2>Metodolog\u00eda<\/h2>\n<p style=\"text-align: justify;\">Se plantea una metodolog\u00eda participativa y activa:<\/p>\n<ul>\n<li style=\"text-align: justify;\">Habr\u00e1 una breve presentaci\u00f3n-reflexi\u00f3n del tema.<\/li>\n<li style=\"text-align: justify;\">Di\u00e1logo abierto y participativo.<\/li>\n<li style=\"text-align: justify;\">Trabajo personal.<\/li>\n<li style=\"text-align: justify;\">Se entregar\u00e1 un material de formaci\u00f3n e informaci\u00f3n a los participantes.<\/li>\n<li style=\"text-align: justify;\">Posibilidad de realizar alguna actividad conjunta (excursi\u00f3n, convivencia).<\/li>\n<li style=\"text-align: justify;\">Trabajo con materiales audiovisuales e inform\u00e1ticos sobre la educaci\u00f3n, trozos de pel\u00edculas, montajes, etc.<\/li>\n<\/ul>\n<p>[\/et_pb_text][\/et_pb_column][\/et_pb_row][et_pb_row _builder_version=\u00bb4.16&#8243; _module_preset=\u00bbdefault\u00bb global_colors_info=\u00bb{}\u00bb disabled_on=\u00bbon|on|on\u00bb disabled=\u00bbon\u00bb][et_pb_column type=\u00bb4_4&#8243; _builder_version=\u00bb4.16&#8243; _module_preset=\u00bbdefault\u00bb global_colors_info=\u00bb{}\u00bb][et_pb_video src=\u00bbhttps:\/\/youtu.be\/Sr70Ag5WDW0&#8243; _builder_version=\u00bb4.16&#8243; _module_preset=\u00bbdefault\u00bb global_colors_info=\u00bb{}\u00bb][\/et_pb_video][\/et_pb_column][\/et_pb_row][\/et_pb_section]<\/p>\n","protected":false},"excerpt":{"rendered":"<p>Planteamiento de la Escuela de Familia La Escuela de Familia ha de ser un \u00e1mbito de formaci\u00f3n e informaci\u00f3n. Tenemos que intentar lograr: 1.- Una formaci\u00f3n integral de los padres. La responsabilidad educativa de los padres no termina cuando se pone a los hijos en el colegio. 2.- La Escuela de Familia debe ayudarnos en [&hellip;]<\/p>\n","protected":false},"author":1,"featured_media":0,"parent":0,"menu_order":0,"comment_status":"closed","ping_status":"closed","template":"","meta":{"_et_pb_use_builder":"on","_et_pb_old_content":"","_et_gb_content_width":"","_joinchat":[],"footnotes":""},"class_list":["post-635","page","type-page","status-publish","hentry"],"yoast_head":"<!-- This site is optimized with the Yoast SEO plugin v27.4 - https:\/\/yoast.com\/product\/yoast-seo-wordpress\/ -->\n<title>Escuela de Familias - Colegio Mar\u00eda Auxiliadora<\/title>\n<meta name=\"robots\" content=\"index, follow, max-snippet:-1, max-image-preview:large, max-video-preview:-1\" \/>\n<link rel=\"canonical\" href=\"https:\/\/salesianosmaux.es\/colegio\/escuela-de-familias\/\" \/>\n<meta property=\"og:locale\" content=\"es_ES\" \/>\n<meta property=\"og:type\" content=\"article\" \/>\n<meta property=\"og:title\" content=\"Escuela de Familias - Colegio Mar\u00eda Auxiliadora\" \/>\n<meta property=\"og:description\" content=\"Te puede interesar...\" \/>\n<meta property=\"og:url\" content=\"https:\/\/salesianosmaux.es\/colegio\/escuela-de-familias\/\" \/>\n<meta property=\"og:site_name\" content=\"Colegio Mar\u00eda Auxiliadora\" \/>\n<meta property=\"article:modified_time\" content=\"2026-02-04T15:24:56+00:00\" \/>\n<meta name=\"twitter:card\" content=\"summary_large_image\" \/>\n<script type=\"application\/ld+json\" class=\"yoast-schema-graph\">{\"@context\":\"https:\\\/\\\/schema.org\",\"@graph\":[{\"@type\":\"WebPage\",\"@id\":\"https:\\\/\\\/salesianosmaux.es\\\/colegio\\\/escuela-de-familias\\\/\",\"url\":\"https:\\\/\\\/salesianosmaux.es\\\/colegio\\\/escuela-de-familias\\\/\",\"name\":\"Escuela de Familias - Colegio Mar\u00eda Auxiliadora\",\"isPartOf\":{\"@id\":\"https:\\\/\\\/salesianosmaux.es\\\/colegio\\\/#website\"},\"datePublished\":\"2022-03-21T20:36:32+00:00\",\"dateModified\":\"2026-02-04T15:24:56+00:00\",\"breadcrumb\":{\"@id\":\"https:\\\/\\\/salesianosmaux.es\\\/colegio\\\/escuela-de-familias\\\/#breadcrumb\"},\"inLanguage\":\"es\",\"potentialAction\":[{\"@type\":\"ReadAction\",\"target\":[\"https:\\\/\\\/salesianosmaux.es\\\/colegio\\\/escuela-de-familias\\\/\"]}]},{\"@type\":\"BreadcrumbList\",\"@id\":\"https:\\\/\\\/salesianosmaux.es\\\/colegio\\\/escuela-de-familias\\\/#breadcrumb\",\"itemListElement\":[{\"@type\":\"ListItem\",\"position\":1,\"name\":\"Portada\",\"item\":\"https:\\\/\\\/salesianosmaux.es\\\/colegio\\\/\"},{\"@type\":\"ListItem\",\"position\":2,\"name\":\"Escuela de Familias\"}]},{\"@type\":\"WebSite\",\"@id\":\"https:\\\/\\\/salesianosmaux.es\\\/colegio\\\/#website\",\"url\":\"https:\\\/\\\/salesianosmaux.es\\\/colegio\\\/\",\"name\":\"Colegio Mar\u00eda Auxiliadora\",\"description\":\"Colegio Mar\u00eda Auxiliadora\",\"potentialAction\":[{\"@type\":\"SearchAction\",\"target\":{\"@type\":\"EntryPoint\",\"urlTemplate\":\"https:\\\/\\\/salesianosmaux.es\\\/colegio\\\/?s={search_term_string}\"},\"query-input\":{\"@type\":\"PropertyValueSpecification\",\"valueRequired\":true,\"valueName\":\"search_term_string\"}}],\"inLanguage\":\"es\"}]}<\/script>\n<!-- \/ Yoast SEO plugin. -->","yoast_head_json":{"title":"Escuela de Familias - Colegio Mar\u00eda Auxiliadora","robots":{"index":"index","follow":"follow","max-snippet":"max-snippet:-1","max-image-preview":"max-image-preview:large","max-video-preview":"max-video-preview:-1"},"canonical":"https:\/\/salesianosmaux.es\/colegio\/escuela-de-familias\/","og_locale":"es_ES","og_type":"article","og_title":"Escuela de Familias - Colegio Mar\u00eda Auxiliadora","og_description":"Te puede interesar...","og_url":"https:\/\/salesianosmaux.es\/colegio\/escuela-de-familias\/","og_site_name":"Colegio Mar\u00eda Auxiliadora","article_modified_time":"2026-02-04T15:24:56+00:00","twitter_card":"summary_large_image","schema":{"@context":"https:\/\/schema.org","@graph":[{"@type":"WebPage","@id":"https:\/\/salesianosmaux.es\/colegio\/escuela-de-familias\/","url":"https:\/\/salesianosmaux.es\/colegio\/escuela-de-familias\/","name":"Escuela de Familias - Colegio Mar\u00eda Auxiliadora","isPartOf":{"@id":"https:\/\/salesianosmaux.es\/colegio\/#website"},"datePublished":"2022-03-21T20:36:32+00:00","dateModified":"2026-02-04T15:24:56+00:00","breadcrumb":{"@id":"https:\/\/salesianosmaux.es\/colegio\/escuela-de-familias\/#breadcrumb"},"inLanguage":"es","potentialAction":[{"@type":"ReadAction","target":["https:\/\/salesianosmaux.es\/colegio\/escuela-de-familias\/"]}]},{"@type":"BreadcrumbList","@id":"https:\/\/salesianosmaux.es\/colegio\/escuela-de-familias\/#breadcrumb","itemListElement":[{"@type":"ListItem","position":1,"name":"Portada","item":"https:\/\/salesianosmaux.es\/colegio\/"},{"@type":"ListItem","position":2,"name":"Escuela de Familias"}]},{"@type":"WebSite","@id":"https:\/\/salesianosmaux.es\/colegio\/#website","url":"https:\/\/salesianosmaux.es\/colegio\/","name":"Colegio Mar\u00eda Auxiliadora","description":"Colegio Mar\u00eda Auxiliadora","potentialAction":[{"@type":"SearchAction","target":{"@type":"EntryPoint","urlTemplate":"https:\/\/salesianosmaux.es\/colegio\/?s={search_term_string}"},"query-input":{"@type":"PropertyValueSpecification","valueRequired":true,"valueName":"search_term_string"}}],"inLanguage":"es"}]}},"_links":{"self":[{"href":"https:\/\/salesianosmaux.es\/colegio\/wp-json\/wp\/v2\/pages\/635","targetHints":{"allow":["GET"]}}],"collection":[{"href":"https:\/\/salesianosmaux.es\/colegio\/wp-json\/wp\/v2\/pages"}],"about":[{"href":"https:\/\/salesianosmaux.es\/colegio\/wp-json\/wp\/v2\/types\/page"}],"author":[{"embeddable":true,"href":"https:\/\/salesianosmaux.es\/colegio\/wp-json\/wp\/v2\/users\/1"}],"replies":[{"embeddable":true,"href":"https:\/\/salesianosmaux.es\/colegio\/wp-json\/wp\/v2\/comments?post=635"}],"version-history":[{"count":10,"href":"https:\/\/salesianosmaux.es\/colegio\/wp-json\/wp\/v2\/pages\/635\/revisions"}],"predecessor-version":[{"id":12142,"href":"https:\/\/salesianosmaux.es\/colegio\/wp-json\/wp\/v2\/pages\/635\/revisions\/12142"}],"wp:attachment":[{"href":"https:\/\/salesianosmaux.es\/colegio\/wp-json\/wp\/v2\/media?parent=635"}],"curies":[{"name":"wp","href":"https:\/\/api.w.org\/{rel}","templated":true}]}}